CRAN Package Check Results for Package klaR

Last updated on 2021-04-20 01:47:09 CEST.

Flavor Version Tinstall Tcheck Ttotal Status Flags
r-devel-linux-x86_64-debian-clang 0.6-15 12.16 130.42 142.58 OK
r-devel-linux-x86_64-debian-gcc 0.6-15 10.80 92.59 103.39 OK
r-devel-linux-x86_64-fedora-clang 0.6-15 191.93 NOTE
r-devel-linux-x86_64-fedora-gcc 0.6-15 166.53 OK
r-devel-windows-ix86+x86_64 0.6-15 19.00 121.00 140.00 OK
r-devel-windows-x86_64-gcc10-UCRT 0.6-15 OK
r-patched-linux-x86_64 0.6-15 14.76 119.77 134.53 OK
r-patched-solaris-x86 0.6-15 216.10 OK
r-release-linux-x86_64 0.6-15 13.59 118.66 132.25 OK
r-release-macos-x86_64 0.6-15 OK
r-release-windows-ix86+x86_64 0.6-15 28.00 146.00 174.00 OK
r-oldrel-macos-x86_64 0.6-15 OK
r-oldrel-windows-ix86+x86_64 0.6-15 18.00 146.00 164.00 OK

Additional issues

MKL

Check Details

Version: 0.6-15
Check: Rd cross-references
Result: NOTE
    Undeclared packages ‘clustMixType’, ‘randomForest’, ‘ClustVarLV’ in Rd xrefs
Flavor: r-devel-linux-x86_64-fedora-clang