Last updated on 2025-01-17 06:49:25 CET.
Flavor | Version | Tinstall | Tcheck | Ttotal | Status | Flags |
---|---|---|---|---|---|---|
r-devel-linux-x86_64-debian-clang | 1.0.4 | 2.99 | 25.08 | 28.07 | OK | |
r-devel-linux-x86_64-debian-gcc | 1.0.4 | 1.59 | 19.17 | 20.76 | OK | |
r-devel-linux-x86_64-fedora-clang | 1.0.4 | 45.98 | OK | |||
r-devel-linux-x86_64-fedora-gcc | 1.0.4 | 58.63 | OK | |||
r-devel-windows-x86_64 | 1.0.4 | 6.00 | 48.00 | 54.00 | OK | |
r-patched-linux-x86_64 | 1.0.4 | 2.86 | 24.03 | 26.89 | NOTE | |
r-release-linux-x86_64 | 1.0.4 | 2.78 | 24.62 | 27.40 | NOTE | |
r-release-macos-arm64 | 1.0.4 | 24.00 | NOTE | |||
r-release-macos-x86_64 | 1.0.4 | 35.00 | NOTE | |||
r-release-windows-x86_64 | 1.0.4 | 4.00 | 48.00 | 52.00 | NOTE | |
r-oldrel-macos-arm64 | 1.0.4 | 26.00 | NOTE | |||
r-oldrel-macos-x86_64 | 1.0.4 | 35.00 | NOTE | |||
r-oldrel-windows-x86_64 | 1.0.4 | 5.00 | 48.00 | 53.00 | NOTE |
Version: 1.0.4
Check: LazyData
Result: NOTE
'LazyData' is specified without a 'data' directory
Flavors: r-patched-linux-x86_64, r-release-linux-x86_64, r-release-macos-arm64, r-release-macos-x86_64, r-release-windows-x86_64, r-oldrel-macos-arm64, r-oldrel-macos-x86_64, r-oldrel-windows-x86_64