CRAN Package Check Results for Package klic

Last updated on 2024-02-26 08:48:48 CET.

Flavor Version Tinstall Tcheck Ttotal Status Flags
r-devel-linux-x86_64-debian-clang 1.0.4 3.11 30.50 33.61 NOTE
r-devel-linux-x86_64-debian-gcc 1.0.4 2.63 22.95 25.58 NOTE
r-devel-linux-x86_64-fedora-clang 1.0.4 43.07 NOTE
r-devel-linux-x86_64-fedora-gcc 1.0.4 53.14 NOTE
r-devel-windows-x86_64 1.0.4 4.00 46.00 50.00 NOTE
r-patched-linux-x86_64 1.0.4 2.51 29.36 31.87 NOTE
r-release-linux-x86_64 1.0.4 2.12 29.08 31.20 NOTE
r-release-macos-arm64 1.0.4 26.00 NOTE
r-release-macos-x86_64 1.0.4 35.00 NOTE
r-release-windows-x86_64 1.0.4 6.00 47.00 53.00 NOTE
r-oldrel-macos-arm64 1.0.4 24.00 NOTE
r-oldrel-windows-x86_64 1.0.4 5.00 51.00 56.00 NOTE

Check Details

Version: 1.0.4
Check: LazyData
Result: NOTE 'LazyData' is specified without a 'data' directory Flavors: r-devel-linux-x86_64-debian-clang, r-devel-linux-x86_64-debian-gcc, r-devel-linux-x86_64-fedora-clang, r-devel-linux-x86_64-fedora-gcc, r-devel-windows-x86_64, r-patched-linux-x86_64, r-release-linux-x86_64, r-release-macos-arm64, r-release-macos-x86_64, r-release-windows-x86_64, r-oldrel-macos-arm64, r-oldrel-windows-x86_64