CRAN Package Check Results for Package koRpus.lang.en

Last updated on 2024-04-12 07:57:35 CEST.

Flavor Version Tinstall Tcheck Ttotal Status Flags
r-devel-linux-x86_64-debian-clang 0.1-4 9.58 79.57 89.15 OK
r-devel-linux-x86_64-debian-gcc 0.1-4 6.92 58.60 65.52 OK
r-devel-linux-x86_64-fedora-clang 0.1-4 106.61 NOTE
r-devel-linux-x86_64-fedora-gcc 0.1-4 102.12 NOTE
r-devel-windows-x86_64 0.1-4 8.00 70.00 78.00 OK
r-patched-linux-x86_64 0.1-4 8.03 71.47 79.50 OK
r-release-linux-x86_64 0.1-4 6.39 75.08 81.47 OK
r-release-macos-arm64 0.1-4 35.00 OK
r-release-macos-x86_64 0.1-4 56.00 OK
r-release-windows-x86_64 0.1-4 10.00 82.00 92.00 OK
r-oldrel-macos-arm64 0.1-4 31.00 NOTE
r-oldrel-windows-x86_64 0.1-4 10.00 82.00 92.00 OK

Check Details

Version: 0.1-4
Check: dependencies in R code
Result: NOTE Namespace in Imports field not imported from: ‘methods’ All declared Imports should be used. Flavors: r-devel-linux-x86_64-fedora-clang, r-devel-linux-x86_64-fedora-gcc, r-oldrel-macos-arm64