CRAN Package Check Results for Package kohonen

Last updated on 2021-09-21 01:50:15 CEST.

Flavor Version Tinstall Tcheck Ttotal Status Flags
r-devel-linux-x86_64-debian-clang 3.0.10 52.65 50.82 103.47 OK
r-devel-linux-x86_64-debian-gcc 3.0.10 32.12 38.87 70.99 OK
r-devel-linux-x86_64-fedora-clang 3.0.10 149.25 OK
r-devel-linux-x86_64-fedora-gcc 3.0.10 124.26 OK
r-devel-windows-x86_64 3.0.10 47.00 64.00 111.00 OK
r-devel-windows-x86_64-gcc10-UCRT 3.0.10 ERROR
r-patched-linux-x86_64 3.0.10 40.16 49.76 89.92 OK
r-patched-solaris-x86 3.0.10 126.70 OK
r-release-linux-x86_64 3.0.10 39.13 49.40 88.53 OK
r-release-macos-arm64 3.0.10 OK
r-release-macos-x86_64 3.0.10 OK
r-release-windows-ix86+x86_64 3.0.10 123.00 81.00 204.00 OK
r-oldrel-macos-x86_64 3.0.10 OK
r-oldrel-windows-ix86+x86_64 3.0.10 117.00 91.00 208.00 OK

Check Details

Version: 3.0.10
Check: whether package can be installed
Result: ERROR
    Installation failed.
Flavor: r-devel-windows-x86_64-gcc10-UCRT