CRAN Package Check Results for Package konfound

Last updated on 2024-04-13 07:53:09 CEST.

Flavor Version Tinstall Tcheck Ttotal Status Flags
r-devel-linux-x86_64-debian-clang 0.5.0 19.43 185.50 204.93 OK
r-devel-linux-x86_64-debian-gcc 0.5.0 0.31 1.97 2.28 ERROR
r-devel-linux-x86_64-fedora-gcc 0.5.1 251.23 OK
r-devel-windows-x86_64 0.5.1 19.00 144.00 163.00 OK
r-patched-linux-x86_64 0.5.0 18.66 175.37 194.03 OK
r-release-linux-x86_64 0.5.0 16.72 174.83 191.55 OK
r-release-macos-arm64 0.5.0 78.00 OK
r-release-macos-x86_64 0.5.1 205.00 OK
r-release-windows-x86_64 0.5.0 21.00 179.00 200.00 OK
r-oldrel-macos-arm64 0.5.1 69.00 OK
r-oldrel-windows-x86_64 0.5.1 22.00 167.00 189.00 OK

Check Details

Version: 0.5.0
Check: whether package can be installed
Result: ERROR Installation failed. Flavor: r-devel-linux-x86_64-debian-gcc