CRAN Package Check Results for Package kutils

Last updated on 2020-09-24 02:56:52 CEST.

Flavor Version Tinstall Tcheck Ttotal Status Flags
r-devel-linux-x86_64-debian-clang 1.70 6.16 64.77 70.93 OK
r-devel-linux-x86_64-debian-gcc 1.70 5.55 49.92 55.47 OK
r-devel-linux-x86_64-fedora-clang 1.70 93.37 NOTE
r-devel-linux-x86_64-fedora-gcc 1.70 83.89 NOTE
r-devel-windows-ix86+x86_64 1.70 13.00 74.00 87.00 OK
r-patched-linux-x86_64 1.70 5.76 61.99 67.75 OK
r-patched-solaris-x86 1.70 114.90 NOTE
r-release-linux-x86_64 1.70 7.12 62.72 69.84 OK
r-release-macos-x86_64 1.70 NOTE
r-release-windows-ix86+x86_64 1.70 11.00 98.00 109.00 OK
r-oldrel-macos-x86_64 1.70 NOTE
r-oldrel-windows-ix86+x86_64 1.70 8.00 70.00 78.00 OK

Check Details

Version: 1.70
Check: dependencies in R code
Result: NOTE
    Namespace in Imports field not imported from: ‘RUnit’
     All declared Imports should be used.
Flavors: r-devel-linux-x86_64-fedora-clang, r-devel-linux-x86_64-fedora-gcc, r-patched-solaris-x86, r-release-macos-x86_64, r-oldrel-macos-x86_64