CRAN Package Check Results for Package kvh

Last updated on 2020-09-20 01:50:10 CEST.

Flavor Version Tinstall Tcheck Ttotal Status Flags
r-devel-linux-x86_64-debian-clang 1.4.1 23.22 26.02 49.24 NOTE
r-devel-linux-x86_64-debian-gcc 1.4.1 15.45 20.20 35.65 NOTE
r-devel-linux-x86_64-fedora-clang 1.4.1 74.08 NOTE
r-devel-linux-x86_64-fedora-gcc 1.4.1 61.23 NOTE
r-devel-windows-ix86+x86_64 1.4.1 52.00 58.00 110.00 OK
r-patched-linux-x86_64 1.4.1 16.95 25.68 42.63 NOTE
r-patched-solaris-x86 1.4.1 69.90 NOTE
r-release-linux-x86_64 1.4.1 16.56 25.33 41.89 NOTE
r-release-macos-x86_64 1.4.1 OK
r-release-windows-ix86+x86_64 1.4.1 54.00 54.00 108.00 OK
r-oldrel-macos-x86_64 1.4.1 OK
r-oldrel-windows-ix86+x86_64 1.4.1 31.00 64.00 95.00 OK

Check Details

Version: 1.4.1
Check: for non-standard things in the check directory
Result: NOTE
    Found the following files/directories:
     'm.kvh' 'test.kvh'
Flavors: r-devel-linux-x86_64-debian-clang, r-devel-linux-x86_64-debian-gcc, r-devel-linux-x86_64-fedora-clang, r-devel-linux-x86_64-fedora-gcc, r-patched-linux-x86_64, r-patched-solaris-x86, r-release-linux-x86_64