Last updated on 2023-01-27 00:51:06 CET.
Flavor | Version | Tinstall | Tcheck | Ttotal | Status | Flags |
---|---|---|---|---|---|---|
r-devel-linux-x86_64-debian-clang | 0.1.0 | 2.54 | 44.66 | 47.20 | NOTE | |
r-devel-linux-x86_64-debian-gcc | 0.1.0 | 2.68 | 34.29 | 36.97 | NOTE | |
r-devel-linux-x86_64-fedora-clang | 0.1.0 | 66.05 | NOTE | |||
r-devel-linux-x86_64-fedora-gcc | 0.1.0 | 61.15 | NOTE | |||
r-devel-windows-x86_64 | 0.1.0 | 12.00 | 69.00 | 81.00 | NOTE | |
r-patched-linux-x86_64 | 0.1.0 | 3.55 | 43.71 | 47.26 | NOTE | |
r-release-linux-x86_64 | 0.1.0 | 2.96 | 44.16 | 47.12 | NOTE | |
r-release-macos-arm64 | 0.1.0 | 22.00 | NOTE | |||
r-release-macos-x86_64 | 0.1.0 | 29.00 | NOTE | |||
r-release-windows-x86_64 | 0.1.0 | 11.00 | 71.00 | 82.00 | NOTE | |
r-oldrel-macos-arm64 | 0.1.0 | 23.00 | NOTE | |||
r-oldrel-macos-x86_64 | 0.1.0 | 40.00 | NOTE | |||
r-oldrel-windows-ix86+x86_64 | 0.1.0 | 9.00 | 69.00 | 78.00 | NOTE |
Version: 0.1.0
Check: LazyData
Result: NOTE
'LazyData' is specified without a 'data' directory
Flavors: r-devel-linux-x86_64-debian-clang, r-devel-linux-x86_64-debian-gcc, r-devel-linux-x86_64-fedora-clang, r-devel-linux-x86_64-fedora-gcc, r-devel-windows-x86_64, r-patched-linux-x86_64, r-release-linux-x86_64, r-release-macos-arm64, r-release-macos-x86_64, r-release-windows-x86_64, r-oldrel-macos-arm64, r-oldrel-macos-x86_64, r-oldrel-windows-ix86+x86_64