Last updated on 2023-12-04 07:50:59 CET.
Flavor | Version | Tinstall | Tcheck | Ttotal | Status | Flags |
---|---|---|---|---|---|---|
r-devel-linux-x86_64-debian-clang | 1.0.1 | 40.19 | 196.16 | 236.35 | NOTE | |
r-devel-linux-x86_64-debian-gcc | 1.0.1 | 50.07 | 148.92 | 198.99 | NOTE | |
r-devel-linux-x86_64-fedora-clang | 1.0.1 | 297.42 | OK | |||
r-devel-linux-x86_64-fedora-gcc | 1.0.1 | 284.31 | OK | |||
r-devel-windows-x86_64 | 1.0.1 | 57.00 | 178.00 | 235.00 | OK | |
r-patched-linux-x86_64 | 1.0.1 | 37.33 | 185.47 | 222.80 | OK | |
r-release-linux-x86_64 | 1.0.1 | 38.59 | 186.67 | 225.26 | OK | |
r-release-macos-arm64 | 1.0.1 | 154.00 | NOTE | |||
r-release-macos-x86_64 | 1.0.1 | 203.00 | NOTE | |||
r-release-windows-x86_64 | 1.0.1 | 42.00 | 204.00 | 246.00 | OK | |
r-oldrel-macos-arm64 | 1.0.1 | 142.00 | NOTE | |||
r-oldrel-macos-x86_64 | 1.0.1 | 152.00 | OK | |||
r-oldrel-windows-x86_64 | 1.0.1 | 44.00 | 206.00 | 250.00 | OK |
Version: 1.0.1
Check: Rd files
Result: NOTE
checkRd: (-1) ln_quantile_value.Rd:44: Lost braces in \itemize; \value handles \item{}{} directly
checkRd: (-1) ln_quantile_value.Rd:45: Lost braces in \itemize; \value handles \item{}{} directly
checkRd: (-1) ln_quantile_value.Rd:46: Lost braces in \itemize; \value handles \item{}{} directly
checkRd: (-1) ln_quantile_value.Rd:47: Lost braces in \itemize; \value handles \item{}{} directly
checkRd: (-1) ln_quantile_value.Rd:48: Lost braces in \itemize; \value handles \item{}{} directly
checkRd: (-1) ln_quantile_value.Rd:49: Lost braces in \itemize; \value handles \item{}{} directly
Flavors: r-devel-linux-x86_64-debian-clang, r-devel-linux-x86_64-debian-gcc
Version: 1.0.1
Check: installed package size
Result: NOTE
installed size is 5.4Mb
sub-directories of 1Mb or more:
R 5.2Mb
Flavors: r-release-macos-arm64, r-release-macos-x86_64, r-oldrel-macos-arm64