CRAN Package Check Results for Package labdsv

Last updated on 2021-09-22 01:48:50 CEST.

Flavor Version Tinstall Tcheck Ttotal Status Flags
r-devel-linux-x86_64-debian-clang 2.0-1 12.36 95.12 107.48 OK
r-devel-linux-x86_64-debian-gcc 2.0-1 10.08 71.58 81.66 OK
r-devel-linux-x86_64-fedora-clang 2.0-1 135.28 NOTE
r-devel-linux-x86_64-fedora-gcc 2.0-1 127.81 NOTE
r-devel-windows-x86_64 2.0-1 16.00 96.00 112.00 OK
r-devel-windows-x86_64-gcc10-UCRT 2.0-1 ERROR
r-patched-linux-x86_64 2.0-1 15.41 91.55 106.96 OK
r-patched-solaris-x86 2.0-1 178.30 OK
r-release-linux-x86_64 2.0-1 11.09 93.17 104.26 OK
r-release-macos-arm64 2.0-1 OK
r-release-macos-x86_64 2.0-1 OK
r-release-windows-ix86+x86_64 2.0-1 31.00 128.00 159.00 OK
r-oldrel-macos-x86_64 2.0-1 OK
r-oldrel-windows-ix86+x86_64 2.0-1 33.00 127.00 160.00 OK

Check Details

Version: 2.0-1
Check: Rd cross-references
Result: NOTE
    Undeclared package ‘fso’ in Rd xrefs
Flavor: r-devel-linux-x86_64-fedora-clang

Version: 2.0-1
Check: compiled code
Result: NOTE
    File ‘labdsv/libs/labdsv.so’:
     Found no calls to: ‘R_registerRoutines’, ‘R_useDynamicSymbols’
    
    It is good practice to register native routines and to disable symbol
    search.
    
    See ‘Writing portable packages’ in the ‘Writing R Extensions’ manual.
Flavors: r-devel-linux-x86_64-fedora-clang, r-devel-linux-x86_64-fedora-gcc

Version: 2.0-1
Check: whether package can be installed
Result: ERROR
    Installation failed.
Flavor: r-devel-windows-x86_64-gcc10-UCRT