CRAN Package Check Results for Package landscapemetrics

Last updated on 2020-05-25 01:48:55 CEST.

Flavor Version Tinstall Tcheck Ttotal Status Flags
r-devel-linux-x86_64-debian-clang 1.4.4 146.96 393.80 540.76 OK
r-devel-linux-x86_64-debian-gcc 1.4.4 107.99 305.57 413.56 OK
r-devel-linux-x86_64-fedora-clang 1.4.4 706.76 NOTE
r-devel-linux-x86_64-fedora-gcc 1.4.4 650.78 OK
r-devel-windows-ix86+x86_64 1.4.4 354.00 838.00 1192.00 OK
r-patched-linux-x86_64 1.4.4 111.52 395.21 506.73 OK
r-patched-solaris-x86 1.4.4 725.00 OK
r-release-linux-x86_64 1.4.4 115.03 390.19 505.22 OK
r-release-osx-x86_64 1.4.3 NOTE
r-release-windows-ix86+x86_64 1.4.4 250.00 611.00 861.00 OK
r-oldrel-osx-x86_64 1.4.4 NOTE
r-oldrel-windows-ix86+x86_64 1.4.4 257.00 645.00 902.00 OK

Check Details

Version: 1.4.4
Check: installed package size
Result: NOTE
     installed size is 6.4Mb
     sub-directories of 1Mb or more:
     libs 4.1Mb
Flavors: r-devel-linux-x86_64-fedora-clang, r-oldrel-osx-x86_64

Version: 1.4.3
Check: installed package size
Result: NOTE
     installed size is 5.5Mb
     sub-directories of 1Mb or more:
     libs 3.2Mb
Flavor: r-release-osx-x86_64