Last updated on 2023-12-06 07:50:18 CET.
Flavor | Version | Tinstall | Tcheck | Ttotal | Status | Flags |
---|---|---|---|---|---|---|
r-devel-linux-x86_64-debian-clang | 2.1.0 | 162.56 | 290.67 | 453.23 | OK | |
r-devel-linux-x86_64-debian-gcc | 2.1.0 | 103.05 | 211.77 | 314.82 | OK | |
r-devel-linux-x86_64-fedora-clang | 2.1.0 | 639.60 | OK | |||
r-devel-linux-x86_64-fedora-gcc | 2.1.0 | 642.18 | OK | |||
r-devel-windows-x86_64 | 2.1.0 | 127.00 | 288.00 | 415.00 | OK | |
r-patched-linux-x86_64 | 2.1.0 | 139.59 | 273.38 | 412.97 | OK | |
r-release-linux-x86_64 | 2.1.0 | 131.65 | 277.26 | 408.91 | OK | |
r-release-macos-arm64 | 2.1.0 | 143.00 | NOTE | |||
r-release-macos-x86_64 | 2.1.0 | 304.00 | NOTE | |||
r-release-windows-x86_64 | 2.1.0 | 164.00 | 351.00 | 515.00 | OK | |
r-oldrel-macos-arm64 | 2.1.0 | 141.00 | NOTE | |||
r-oldrel-macos-x86_64 | 2.0.0 | 257.00 | OK | |||
r-oldrel-windows-x86_64 | 2.1.0 | 149.00 | 312.00 | 461.00 | OK |
Version: 2.1.0
Check: installed package size
Result: NOTE
installed size is 5.2Mb
sub-directories of 1Mb or more:
libs 3.5Mb
Flavors: r-release-macos-arm64, r-release-macos-x86_64, r-oldrel-macos-arm64