Last updated on 2021-03-03 01:48:47 CET.
Flavor | Version | Tinstall | Tcheck | Ttotal | Status | Flags |
---|---|---|---|---|---|---|
r-devel-linux-x86_64-debian-clang | 0.4.0 | NOTE | ||||
r-devel-linux-x86_64-debian-gcc | 0.4.0 | 1.95 | 24.25 | 26.20 | NOTE | |
r-devel-linux-x86_64-fedora-clang | 0.4.0 | 50.89 | OK | |||
r-devel-linux-x86_64-fedora-gcc | 0.4.0 | 39.91 | OK | |||
r-devel-windows-ix86+x86_64 | 0.4.0 | 5.00 | 57.00 | 62.00 | NOTE | |
r-patched-linux-x86_64 | 0.4.0 | 2.62 | 29.85 | 32.47 | NOTE | |
r-patched-solaris-x86 | 0.4.0 | 60.50 | OK | |||
r-release-linux-x86_64 | 0.4.0 | 2.36 | 29.55 | 31.91 | NOTE | |
r-release-macos-x86_64 | 0.4.0 | OK | ||||
r-release-windows-ix86+x86_64 | 0.4.0 | 5.00 | 33.00 | 38.00 | NOTE | |
r-oldrel-macos-x86_64 | 0.4.0 | OK | ||||
r-oldrel-windows-ix86+x86_64 | 0.4.0 | 13.00 | 47.00 | 60.00 | OK |
Version: 0.4.0
Check: package vignettes
Result: NOTE
Package vignette with placeholder title 'Vignette Title':
'using-latex2exp.Rmd'
Flavors: r-devel-linux-x86_64-debian-clang, r-devel-linux-x86_64-debian-gcc, r-devel-windows-ix86+x86_64, r-patched-linux-x86_64, r-release-linux-x86_64, r-release-windows-ix86+x86_64