Last updated on 2023-10-01 08:52:02 CEST.
Flavor | Version | Tinstall | Tcheck | Ttotal | Status | Flags |
---|---|---|---|---|---|---|
r-devel-linux-x86_64-debian-clang | 1.5.1 | 22.08 | 459.07 | 481.15 | NOTE | |
r-devel-linux-x86_64-debian-gcc | 1.5.1 | 18.26 | 305.60 | 323.86 | NOTE | |
r-devel-linux-x86_64-fedora-clang | 1.5.1 | 487.29 | NOTE | |||
r-devel-linux-x86_64-fedora-gcc | 1.5.1 | 448.41 | NOTE | |||
r-devel-windows-x86_64 | 1.5.1 | 23.00 | 325.00 | 348.00 | NOTE | |
r-patched-linux-x86_64 | 1.5.1 | 39.32 | 398.92 | 438.24 | NOTE | |
r-release-linux-x86_64 | 1.5.1 | 25.40 | 407.67 | 433.07 | NOTE | |
r-release-macos-arm64 | 1.5.1 | 140.00 | NOTE | |||
r-release-macos-x86_64 | 1.5.1 | 256.00 | NOTE | |||
r-release-windows-x86_64 | 1.5.1 | 29.00 | 432.00 | 461.00 | WARN | |
r-oldrel-macos-arm64 | 1.5.1 | 193.00 | NOTE | |||
r-oldrel-macos-x86_64 | 1.5.1 | 306.00 | NOTE | |||
r-oldrel-windows-x86_64 | 1.5.1 | 34.00 | 385.00 | 419.00 | NOTE |
Version: 1.5.1
Check: package dependencies
Result: NOTE
Packages suggested but not available for checking:
'akmedoids', 'clusterCrit'
Flavors: r-devel-linux-x86_64-debian-clang, r-devel-linux-x86_64-debian-gcc, r-devel-linux-x86_64-fedora-clang, r-devel-linux-x86_64-fedora-gcc, r-devel-windows-x86_64, r-patched-linux-x86_64, r-release-linux-x86_64, r-release-windows-x86_64, r-oldrel-windows-x86_64
Version: 1.5.1
Check: Rd cross-references
Result: NOTE
Unknown packages ‘clusterCrit’, ‘akmedoids’ in Rd xrefs
Flavors: r-devel-linux-x86_64-debian-clang, r-devel-linux-x86_64-debian-gcc, r-devel-linux-x86_64-fedora-clang, r-devel-linux-x86_64-fedora-gcc, r-devel-windows-x86_64, r-patched-linux-x86_64, r-release-linux-x86_64, r-oldrel-windows-x86_64
Version: 1.5.1
Check: Rd \usage sections
Result: NOTE
Objects in \usage without \alias in documentation object 'latrend-generics':
‘nClusters’ ‘clusterProportions’ ‘clusterTrajectories’ ‘compose’
‘converged’ ‘externalMetric’ ‘estimationTime’ ‘fit’
‘fittedTrajectories’ ‘getArgumentDefaults’ ‘getArgumentExclusions’
‘getLabel’ ‘getLcMethod’ ‘getName’ ‘getShortName’ ‘idVariable’
‘metric’ ‘plotFittedTrajectories’ ‘plotClusterTrajectories’ ‘postFit’
‘postprob’ ‘predictAssignments’ ‘predictForCluster’ ‘predictPostprob’
‘prepareData’ ‘preFit’ ‘qqPlot’ ‘responseVariable’ ‘strip’
‘timeVariable’ ‘trajectoryAssignments’ ‘validate’
Functions with \usage entries need to have the appropriate \alias
entries, and all their arguments documented.
The \usage entries must correspond to syntactically valid R code.
See chapter ‘Writing R documentation files’ in the ‘Writing R
Extensions’ manual.
Flavors: r-devel-linux-x86_64-debian-clang, r-devel-linux-x86_64-debian-gcc, r-devel-linux-x86_64-fedora-clang, r-devel-linux-x86_64-fedora-gcc, r-devel-windows-x86_64
Version: 1.5.1
Check: package dependencies
Result: NOTE
Packages suggested but not available for checking:
'mixAK', 'akmedoids', 'clusterCrit'
Flavors: r-release-macos-arm64, r-release-macos-x86_64
Version: 1.5.1
Check: Rd cross-references
Result: NOTE
Package unavailable to check Rd xrefs: ‘mixAK’
Unknown packages ‘clusterCrit’, ‘akmedoids’ in Rd xrefs
Flavors: r-release-macos-arm64, r-release-macos-x86_64
Version: 1.5.1
Check: Rd cross-references
Result: WARN
Warning in url(sprintf("%s/%s", cran, path), open = "rb") :
URL 'https://CRAN.R-project.org/src/contrib/Meta/aliases.rds': Timeout of 60 seconds was reached
Unknown packages 'clusterCrit', 'akmedoids' in Rd xrefs
Flavor: r-release-windows-x86_64
Version: 1.5.1
Check: package dependencies
Result: NOTE
Package suggested but not available for checking: ‘mixAK’
Flavors: r-oldrel-macos-arm64, r-oldrel-macos-x86_64
Version: 1.5.1
Check: Rd cross-references
Result: NOTE
Package unavailable to check Rd xrefs: ‘mixAK’
Flavors: r-oldrel-macos-arm64, r-oldrel-macos-x86_64