CRAN Package Check Results for Package lawstat

Last updated on 2020-07-13 01:48:50 CEST.

Flavor Version Tinstall Tcheck Ttotal Status Flags
r-devel-linux-x86_64-debian-clang 3.4 5.28 54.57 59.85 OK
r-devel-linux-x86_64-debian-gcc 3.4 5.11 41.29 46.40 OK
r-devel-linux-x86_64-fedora-clang 3.4 80.35 NOTE
r-devel-linux-x86_64-fedora-gcc 3.4 74.40 OK
r-devel-windows-ix86+x86_64 3.4 14.00 90.00 104.00 OK
r-patched-linux-x86_64 3.4 7.35 54.26 61.61 OK
r-patched-solaris-x86 3.4 102.90 OK
r-release-linux-x86_64 3.4 6.13 55.60 61.73 OK
r-release-macos-x86_64 3.4 OK
r-release-windows-ix86+x86_64 3.4 14.00 71.00 85.00 OK
r-oldrel-macos-x86_64 3.4 OK
r-oldrel-windows-ix86+x86_64 3.4 15.00 64.00 79.00 OK

Check Details

Version: 3.4
Check: Rd cross-references
Result: NOTE
    Undeclared packages ‘VGAM’, ‘tseries’ in Rd xrefs
Flavor: r-devel-linux-x86_64-fedora-clang