CRAN Package Check Results for Package lawstat

Last updated on 2020-09-19 00:50:08 CEST.

Flavor Version Tinstall Tcheck Ttotal Status Flags
r-devel-linux-x86_64-debian-clang 3.4 6.67 54.95 61.62 OK
r-devel-linux-x86_64-debian-gcc 3.4 5.08 41.84 46.92 OK
r-devel-linux-x86_64-fedora-clang 3.4 80.68 NOTE
r-devel-linux-x86_64-fedora-gcc 3.4 71.92 OK
r-devel-windows-ix86+x86_64 3.4 12.00 83.00 95.00 OK
r-patched-linux-x86_64 3.4 7.48 54.46 61.94 OK
r-patched-solaris-x86 3.4 101.30 OK
r-release-linux-x86_64 3.4 6.33 54.06 60.39 OK
r-release-macos-x86_64 3.4 OK
r-release-windows-ix86+x86_64 3.4 11.00 56.00 67.00 OK
r-oldrel-macos-x86_64 3.4 OK
r-oldrel-windows-ix86+x86_64 3.4 7.00 79.00 86.00 OK

Check Details

Version: 3.4
Check: Rd cross-references
Result: NOTE
    Undeclared packages ‘VGAM’, ‘tseries’ in Rd xrefs
Flavor: r-devel-linux-x86_64-fedora-clang