CRAN Package Check Results for Package lax

Last updated on 2020-03-30 02:48:33 CEST.

Flavor Version Tinstall Tcheck Ttotal Status Flags
r-devel-linux-x86_64-debian-clang 1.1.0 NOTE
r-devel-linux-x86_64-debian-gcc 1.1.0 5.05 153.00 158.05 NOTE
r-devel-linux-x86_64-fedora-clang 1.1.0 239.66 NOTE
r-devel-linux-x86_64-fedora-gcc 1.1.0 237.57 NOTE
r-devel-windows-ix86+x86_64 1.1.0 16.00 211.00 227.00 OK
r-devel-windows-ix86+x86_64-gcc8 1.1.0 14.00 201.00 215.00 OK
r-patched-linux-x86_64 1.1.0 4.95 194.93 199.88 NOTE
r-patched-solaris-x86 1.1.0 357.80 NOTE
r-release-linux-x86_64 1.1.0 5.89 180.44 186.33 NOTE
r-release-windows-ix86+x86_64 1.1.0 11.00 266.00 277.00 OK
r-release-osx-x86_64 1.1.0 OK
r-oldrel-windows-ix86+x86_64 1.1.0 13.00 270.00 283.00 OK
r-oldrel-osx-x86_64 1.1.0 OK

Check Details

Version: 1.1.0
Check: package dependencies
Result: NOTE
    Package suggested but not available for checking: 'texmex'
Flavors: r-devel-linux-x86_64-debian-clang, r-devel-linux-x86_64-debian-gcc, r-devel-linux-x86_64-fedora-clang, r-devel-linux-x86_64-fedora-gcc, r-patched-linux-x86_64, r-patched-solaris-x86, r-release-linux-x86_64

Version: 1.1.0
Check: Rd cross-references
Result: NOTE
    Unknown package 'texmex' in Rd xrefs
Flavors: r-devel-linux-x86_64-debian-clang, r-devel-linux-x86_64-debian-gcc, r-devel-linux-x86_64-fedora-clang, r-devel-linux-x86_64-fedora-gcc, r-patched-linux-x86_64, r-patched-solaris-x86, r-release-linux-x86_64