Last updated on 2023-03-26 06:53:28 CEST.
Flavor | Version | Tinstall | Tcheck | Ttotal | Status | Flags |
---|---|---|---|---|---|---|
r-devel-linux-x86_64-debian-clang | 0.2.2 | 4.33 | 35.08 | 39.41 | NOTE | |
r-devel-linux-x86_64-debian-gcc | 0.2.2 | 3.27 | 27.70 | 30.97 | NOTE | |
r-devel-linux-x86_64-fedora-clang | 0.2.2 | 52.63 | NOTE | |||
r-devel-linux-x86_64-fedora-gcc | 0.2.2 | 59.23 | NOTE | |||
r-patched-linux-x86_64 | 0.2.2 | 4.55 | 34.89 | 39.44 | NOTE | |
r-release-linux-x86_64 | 0.2.2 | 4.39 | 35.01 | 39.40 | NOTE | |
r-release-macos-arm64 | 0.2.2 | 21.00 | NOTE | |||
r-release-macos-x86_64 | 0.2.2 | 33.00 | NOTE | |||
r-release-windows-x86_64 | 0.2.2 | 54.00 | 74.00 | 128.00 | NOTE | |
r-oldrel-macos-arm64 | 0.2.2 | 26.00 | NOTE | |||
r-oldrel-macos-x86_64 | 0.2.2 | 40.00 | NOTE | |||
r-oldrel-windows-ix86+x86_64 | 0.2.2 | 21.00 | 79.00 | 100.00 | NOTE |
Version: 0.2.2
Check: LazyData
Result: NOTE
'LazyData' is specified without a 'data' directory
Flavors: r-devel-linux-x86_64-debian-clang, r-devel-linux-x86_64-debian-gcc, r-devel-linux-x86_64-fedora-clang, r-devel-linux-x86_64-fedora-gcc, r-patched-linux-x86_64, r-release-linux-x86_64, r-release-macos-arm64, r-release-macos-x86_64, r-release-windows-x86_64, r-oldrel-macos-arm64, r-oldrel-macos-x86_64, r-oldrel-windows-ix86+x86_64