CRAN Package Check Results for Package lazyeval

Last updated on 2020-12-02 00:48:09 CET.

Flavor Version Tinstall Tcheck Ttotal Status Flags
r-devel-linux-x86_64-debian-clang 0.2.2 4.60 32.10 36.70 OK
r-devel-linux-x86_64-debian-gcc 0.2.2 2.53 29.02 31.55 OK
r-devel-linux-x86_64-fedora-clang 0.2.2 50.36 OK
r-devel-linux-x86_64-fedora-gcc 0.2.2 41.66 OK
r-devel-windows-ix86+x86_64 0.2.2 12.00 48.00 60.00 OK
r-patched-linux-x86_64 0.2.2 2.37 33.39 35.76 OK
r-patched-solaris-x86 0.2.2 59.00 OK
r-release-linux-x86_64 0.2.2 3.24 32.83 36.07 OK
r-release-macos-x86_64 0.2.2 OK
r-release-windows-ix86+x86_64 0.2.2 14.00 44.00 58.00 OK
r-oldrel-macos-x86_64 0.2.2 ERROR
r-oldrel-windows-ix86+x86_64 0.2.2 11.00 52.00 63.00 OK

Check Details

Version: 0.2.2
Check: tests
Result: ERROR
     Running ‘testthat.R’ [0s/1s]
    Running the tests in ‘tests/testthat.R’ failed.
    Complete output:
     > library(testthat)
     Error: package or namespace load failed for 'testthat' in loadNamespace(i, c(lib.loc, .libPaths()), versionCheck = vI[[i]]):
     there is no package called 'rlang'
     Execution halted
Flavor: r-oldrel-macos-x86_64