CRAN Package Check Results for Package lcmm

Last updated on 2019-10-23 01:46:23 CEST.

Flavor Version Tinstall Tcheck Ttotal Status Flags
r-devel-linux-x86_64-debian-clang 1.8.1 110.35 381.85 492.20 OK
r-devel-linux-x86_64-debian-gcc 1.8.1 93.61 273.42 367.03 OK
r-devel-linux-x86_64-fedora-clang 1.8.1 622.80 OK
r-devel-linux-x86_64-fedora-gcc 1.8.1 618.93 OK
r-devel-windows-ix86+x86_64 1.8.1 152.00 561.00 713.00 NOTE
r-patched-linux-x86_64 1.8.1 103.58 377.21 480.79 OK
r-patched-solaris-x86 1.8.1 1028.20 NOTE
r-release-linux-x86_64 1.8.1 98.22 377.55 475.77 OK
r-release-windows-ix86+x86_64 1.8.1 224.00 464.00 688.00 NOTE
r-release-osx-x86_64 1.8.1 OK
r-oldrel-windows-ix86+x86_64 1.8.1 213.00 547.00 760.00 NOTE
r-oldrel-osx-x86_64 1.8.1 OK

Additional issues

LTO

Check Details

Version: 1.8.1
Check: installed package size
Result: NOTE
     installed size is 5.1Mb
     sub-directories of 1Mb or more:
     R 1.1Mb
     doc 1.4Mb
     libs 2.3Mb
Flavors: r-devel-windows-ix86+x86_64, r-patched-solaris-x86, r-release-windows-ix86+x86_64, r-oldrel-windows-ix86+x86_64