CRAN Package Check Results for Package lcmm

Last updated on 2020-06-01 01:51:00 CEST.

Flavor Version Tinstall Tcheck Ttotal Status Flags
r-devel-linux-x86_64-debian-clang 1.8.1.1 101.31 409.36 510.67 OK
r-devel-linux-x86_64-debian-gcc 1.8.1.1 108.87 283.77 392.64 OK
r-devel-linux-x86_64-fedora-clang 1.8.1.1 656.55 NOTE
r-devel-linux-x86_64-fedora-gcc 1.8.1.1 388.52 OK
r-devel-windows-ix86+x86_64 1.8.1.1 253.00 562.00 815.00 NOTE
r-patched-linux-x86_64 1.8.1.1 112.70 402.81 515.51 OK
r-patched-solaris-x86 1.8.1.1 1069.50 NOTE
r-release-linux-x86_64 1.8.1.1 115.96 407.82 523.78 OK
r-release-osx-x86_64 1.8.1.1 OK
r-release-windows-ix86+x86_64 1.8.1.1 188.00 459.00 647.00 NOTE
r-oldrel-osx-x86_64 1.8.1.1 OK
r-oldrel-windows-ix86+x86_64 1.8.1.1 229.00 572.00 801.00 NOTE

Check Details

Version: 1.8.1.1
Check: installed package size
Result: NOTE
     installed size is 5.0Mb
     sub-directories of 1Mb or more:
     R 1.1Mb
     doc 1.5Mb
     libs 2.0Mb
Flavors: r-devel-linux-x86_64-fedora-clang, r-devel-windows-ix86+x86_64, r-patched-solaris-x86, r-release-windows-ix86+x86_64, r-oldrel-windows-ix86+x86_64