Last updated on 2023-12-05 07:48:35 CET.
Flavor | Version | Tinstall | Tcheck | Ttotal | Status | Flags |
---|---|---|---|---|---|---|
r-devel-linux-x86_64-debian-clang | 1.1.2 | 2.97 | 34.96 | 37.93 | NOTE | |
r-devel-linux-x86_64-debian-gcc | 1.1.2 | 2.98 | 27.13 | 30.11 | NOTE | |
r-devel-linux-x86_64-fedora-clang | 1.1.2 | 48.40 | OK | |||
r-devel-linux-x86_64-fedora-gcc | 1.1.2 | 46.12 | OK | |||
r-devel-windows-x86_64 | 1.1.2 | 5.00 | 55.00 | 60.00 | OK | |
r-patched-linux-x86_64 | 1.1.2 | 4.12 | 34.63 | 38.75 | OK | |
r-release-linux-x86_64 | 1.1.2 | 3.51 | 34.04 | 37.55 | OK | |
r-release-macos-arm64 | 1.1.2 | 22.00 | OK | |||
r-release-macos-x86_64 | 1.1.2 | 27.00 | OK | |||
r-release-windows-x86_64 | 1.1.2 | 6.00 | 57.00 | 63.00 | OK | |
r-oldrel-macos-arm64 | 1.1.2 | 22.00 | OK | |||
r-oldrel-macos-x86_64 | 1.1.2 | 29.00 | OK | |||
r-oldrel-windows-x86_64 | 1.1.2 | 5.00 | 61.00 | 66.00 | OK |
Version: 1.1.2
Check: Rd files
Result: NOTE
checkRd: (-1) express.Rd:20: Lost braces in \itemize; meant \describe ?
checkRd: (-1) express.Rd:21: Lost braces in \itemize; meant \describe ?
checkRd: (-1) express.Rd:22: Lost braces in \itemize; meant \describe ?
checkRd: (-1) express.Rd:23: Lost braces in \itemize; meant \describe ?
checkRd: (-1) express.Rd:24: Lost braces in \itemize; meant \describe ?
checkRd: (-1) express.Rd:25: Lost braces in \itemize; meant \describe ?
checkRd: (-1) express.Rd:26: Lost braces in \itemize; meant \describe ?
checkRd: (-1) express.Rd:27: Lost braces in \itemize; meant \describe ?
checkRd: (-1) latent3.Rd:20: Lost braces in \itemize; meant \describe ?
checkRd: (-1) latent3.Rd:21: Lost braces in \itemize; meant \describe ?
checkRd: (-1) latent3.Rd:22: Lost braces in \itemize; meant \describe ?
checkRd: (-1) latent3.Rd:23: Lost braces in \itemize; meant \describe ?
checkRd: (-1) latent3.Rd:24: Lost braces in \itemize; meant \describe ?
checkRd: (-1) latent3.Rd:25: Lost braces in \itemize; meant \describe ?
checkRd: (-1) latent3.Rd:26: Lost braces in \itemize; meant \describe ?
checkRd: (-1) latent3.Rd:27: Lost braces in \itemize; meant \describe ?
checkRd: (-1) latent3.Rd:28: Lost braces in \itemize; meant \describe ?
checkRd: (-1) latent3.Rd:29: Lost braces in \itemize; meant \describe ?
checkRd: (-1) latent3.Rd:30: Lost braces in \itemize; meant \describe ?
checkRd: (-1) latent3.Rd:31: Lost braces in \itemize; meant \describe ?
checkRd: (-1) latent3.Rd:32: Lost braces in \itemize; meant \describe ?
checkRd: (-1) latent3.Rd:33: Lost braces in \itemize; meant \describe ?
checkRd: (-1) latent3.Rd:34: Lost braces in \itemize; meant \describe ?
checkRd: (-1) latent3.Rd:35: Lost braces in \itemize; meant \describe ?
checkRd: (-1) latent3.Rd:36: Lost braces in \itemize; meant \describe ?
checkRd: (-1) latent3_binary.Rd:20: Lost braces in \itemize; meant \describe ?
checkRd: (-1) latent3_binary.Rd:21: Lost braces in \itemize; meant \describe ?
checkRd: (-1) latent3_binary.Rd:22: Lost braces in \itemize; meant \describe ?
checkRd: (-1) latent3_binary.Rd:23: Lost braces in \itemize; meant \describe ?
checkRd: (-1) latent3_binary.Rd:24: Lost braces in \itemize; meant \describe ?
checkRd: (-1) latent3_binary.Rd:25: Lost braces in \itemize; meant \describe ?
checkRd: (-1) latent3_binary.Rd:26: Lost braces in \itemize; meant \describe ?
checkRd: (-1) latent3_binary.Rd:27: Lost braces in \itemize; meant \describe ?
checkRd: (-1) latent3_binary.Rd:28: Lost braces in \itemize; meant \describe ?
checkRd: (-1) latent3_binary.Rd:29: Lost braces in \itemize; meant \describe ?
checkRd: (-1) latent3_binary.Rd:30: Lost braces in \itemize; meant \describe ?
checkRd: (-1) latent3_binary.Rd:31: Lost braces in \itemize; meant \describe ?
checkRd: (-1) latent3_binary.Rd:32: Lost braces in \itemize; meant \describe ?
checkRd: (-1) latent3_binary.Rd:33: Lost braces in \itemize; meant \describe ?
checkRd: (-1) latent3_binary.Rd:34: Lost braces in \itemize; meant \describe ?
checkRd: (-1) latent3_binary.Rd:35: Lost braces in \itemize; meant \describe ?
checkRd: (-1) latent3_binary.Rd:36: Lost braces in \itemize; meant \describe ?
checkRd: (-1) paper_sim.Rd:20: Lost braces in \itemize; meant \describe ?
checkRd: (-1) paper_sim.Rd:21: Lost braces in \itemize; meant \describe ?
checkRd: (-1) paper_sim.Rd:22: Lost braces in \itemize; meant \describe ?
checkRd: (-1) paper_sim.Rd:23: Lost braces in \itemize; meant \describe ?
checkRd: (-1) paper_sim.Rd:24: Lost braces in \itemize; meant \describe ?
checkRd: (-1) paper_sim.Rd:25: Lost braces in \itemize; meant \describe ?
checkRd: (-1) paper_sim.Rd:26: Lost braces in \itemize; meant \describe ?
checkRd: (-1) paper_sim.Rd:27: Lost braces in \itemize; meant \describe ?
checkRd: (-1) paper_sim.Rd:28: Lost braces in \itemize; meant \describe ?
checkRd: (-1) paper_sim.Rd:29: Lost braces in \itemize; meant \describe ?
checkRd: (-1) paper_sim.Rd:30: Lost braces in \itemize; meant \describe ?
checkRd: (-1) paper_sim.Rd:31: Lost braces in \itemize; meant \describe ?
checkRd: (-1) paper_sim.Rd:32: Lost braces in \itemize; meant \describe ?
checkRd: (-1) paper_sim_binary.Rd:20: Lost braces in \itemize; meant \describe ?
checkRd: (-1) paper_sim_binary.Rd:21: Lost braces in \itemize; meant \describe ?
checkRd: (-1) paper_sim_binary.Rd:22: Lost braces in \itemize; meant \describe ?
checkRd: (-1) paper_sim_binary.Rd:23: Lost braces in \itemize; meant \describe ?
checkRd: (-1) paper_sim_binary.Rd:24: Lost braces in \itemize; meant \describe ?
checkRd: (-1) paper_sim_binary.Rd:25: Lost braces in \itemize; meant \describe ?
checkRd: (-1) paper_sim_binary.Rd:26: Lost braces in \itemize; meant \describe ?
checkRd: (-1) paper_sim_binary.Rd:27: Lost braces in \itemize; meant \describe ?
checkRd: (-1) paper_sim_binary.Rd:28: Lost braces in \itemize; meant \describe ?
checkRd: (-1) paper_sim_binary.Rd:29: Lost braces in \itemize; meant \describe ?
checkRd: (-1) paper_sim_binary.Rd:30: Lost braces in \itemize; meant \describe ?
checkRd: (-1) paper_sim_binary.Rd:31: Lost braces in \itemize; meant \describe ?
checkRd: (-1) paper_sim_binary.Rd:32: Lost braces in \itemize; meant \describe ?
Flavors: r-devel-linux-x86_64-debian-clang, r-devel-linux-x86_64-debian-gcc