Last updated on 2023-03-30 06:53:18 CEST.
Flavor | Version | Tinstall | Tcheck | Ttotal | Status | Flags |
---|---|---|---|---|---|---|
r-devel-linux-x86_64-debian-clang | 1.0.2 | 6.58 | 68.37 | 74.95 | NOTE | |
r-devel-linux-x86_64-debian-gcc | 1.0.2 | 5.61 | 51.62 | 57.23 | NOTE | |
r-devel-linux-x86_64-fedora-clang | 1.0.2 | 96.62 | NOTE | |||
r-devel-linux-x86_64-fedora-gcc | 1.0.2 | 101.64 | NOTE | |||
r-devel-windows-x86_64 | 1.0.2 | 22.00 | 0.00 | 22.00 | NOTE | |
r-patched-linux-x86_64 | 1.0.2 | 10.81 | 63.76 | 74.57 | NOTE | |
r-release-linux-x86_64 | 1.0.2 | 7.29 | 64.89 | 72.18 | NOTE | |
r-release-macos-arm64 | 1.0.2 | 35.00 | NOTE | |||
r-release-macos-x86_64 | 1.0.2 | 66.00 | NOTE | |||
r-release-windows-x86_64 | 1.0.2 | 22.00 | 106.00 | 128.00 | NOTE | |
r-oldrel-macos-arm64 | 1.0.2 | 49.00 | NOTE | |||
r-oldrel-macos-x86_64 | 1.0.2 | 61.00 | NOTE | |||
r-oldrel-windows-ix86+x86_64 | 1.0.2 | 17.00 | 107.00 | 124.00 | NOTE |
Version: 1.0.2
Check: LazyData
Result: NOTE
'LazyData' is specified without a 'data' directory
Flavors: r-devel-linux-x86_64-debian-clang, r-devel-linux-x86_64-debian-gcc, r-devel-linux-x86_64-fedora-clang, r-devel-linux-x86_64-fedora-gcc, r-devel-windows-x86_64, r-patched-linux-x86_64, r-release-linux-x86_64, r-release-macos-arm64, r-release-macos-x86_64, r-release-windows-x86_64, r-oldrel-macos-arm64, r-oldrel-macos-x86_64, r-oldrel-windows-ix86+x86_64
Version: 1.0.2
Check: Rd cross-references
Result: NOTE
Undeclared package ‘tm’ in Rd xrefs
Flavor: r-devel-linux-x86_64-fedora-clang