Last updated on 2021-01-19 00:47:26 CET.
Flavor | Version | Tinstall | Tcheck | Ttotal | Status | Flags |
---|---|---|---|---|---|---|
r-devel-linux-x86_64-debian-clang | 0.3 | 0.46 | 2.39 | 2.85 | ERROR | |
r-devel-linux-x86_64-debian-gcc | 0.3 | 0.31 | 1.88 | 2.19 | ERROR | |
r-devel-linux-x86_64-fedora-clang | 0.3 | 66.79 | NOTE | |||
r-devel-linux-x86_64-fedora-gcc | 0.3 | 57.75 | NOTE | |||
r-devel-windows-ix86+x86_64 | 0.3 | 6.00 | 50.00 | 56.00 | OK | |
r-patched-linux-x86_64 | 0.3 | 0.42 | 2.38 | 2.80 | ERROR | |
r-patched-solaris-x86 | 0.3 | 4.50 | ERROR | |||
r-release-linux-x86_64 | 0.3 | 0.44 | 2.34 | 2.78 | ERROR | |
r-release-macos-x86_64 | 0.3 | NOTE | ||||
r-release-windows-ix86+x86_64 | 0.3 | 6.00 | 48.00 | 54.00 | OK | |
r-oldrel-macos-x86_64 | 0.3 | NOTE | ||||
r-oldrel-windows-ix86+x86_64 | 0.3 | 3.00 | 46.00 | 49.00 | OK |
Version: 0.3
Check: package dependencies
Result: ERROR
Package required but not available: 'lidR'
See section 'The DESCRIPTION file' in the 'Writing R Extensions'
manual.
Flavors: r-devel-linux-x86_64-debian-clang, r-devel-linux-x86_64-debian-gcc, r-patched-linux-x86_64, r-patched-solaris-x86, r-release-linux-x86_64
Version: 0.3
Check: dependencies in R code
Result: NOTE
Namespace in Imports field not imported from: ‘lazyeval’
All declared Imports should be used.
Flavors: r-devel-linux-x86_64-fedora-clang, r-devel-linux-x86_64-fedora-gcc, r-release-macos-x86_64, r-oldrel-macos-x86_64