CRAN Package Check Results for Package leafem

Last updated on 2024-07-25 07:56:10 CEST.

Flavor Version Tinstall Tcheck Ttotal Status Flags
r-devel-linux-x86_64-debian-clang 0.2.3 36.45 322.78 359.23 OK
r-devel-linux-x86_64-debian-gcc 0.2.3 29.00 233.67 262.67 NOTE
r-devel-linux-x86_64-fedora-clang 0.2.3 433.24 OK
r-devel-linux-x86_64-fedora-gcc 0.2.3 404.71 OK
r-devel-windows-x86_64 0.2.3 28.00 197.00 225.00 NOTE
r-patched-linux-x86_64 0.2.3 40.09 307.12 347.21 OK
r-release-linux-x86_64 0.2.3 31.29 299.03 330.32 OK
r-release-macos-arm64 0.2.3 93.00 OK
r-release-macos-x86_64 0.2.3 166.00 OK
r-release-windows-x86_64 0.2.3 28.00 202.00 230.00 OK
r-oldrel-macos-arm64 0.2.3 101.00 OK
r-oldrel-macos-x86_64 0.2.3 257.00 OK
r-oldrel-windows-x86_64 0.2.3 38.00 261.00 299.00 OK

Check Details

Version: 0.2.3
Check: Rd cross-references
Result: NOTE Found the following Rd file(s) with Rd \link{} targets missing package anchors: addFeatures.Rd: addCircleMarkers, addPolylines, addPolygons addRasterRGB.Rd: plotRGB, addRasterImage addStarsImage.Rd: addRasterImage garnishMap.Rd: addLayersControl Please provide package anchors for all Rd \link{} targets not in the package itself and the base packages. Flavors: r-devel-linux-x86_64-debian-gcc, r-devel-windows-x86_64