CRAN Package Check Results for Package leafgl

Last updated on 2021-05-07 01:48:45 CEST.

Flavor Version Tinstall Tcheck Ttotal Status Flags
r-devel-linux-x86_64-debian-clang 0.1.1 3.19 39.69 42.88 NOTE
r-devel-linux-x86_64-debian-gcc 0.1.1 2.66 30.93 33.59 NOTE
r-devel-linux-x86_64-fedora-clang 0.1.1 62.36 NOTE
r-devel-linux-x86_64-fedora-gcc 0.1.1 51.75 NOTE
r-devel-windows-ix86+x86_64 0.1.1 8.00 55.00 63.00 NOTE
r-devel-windows-x86_64-gcc10-UCRT 0.1.1 NOTE
r-patched-linux-x86_64 0.1.1 3.63 38.21 41.84 NOTE
r-patched-solaris-x86 0.1.1 78.50 OK
r-release-linux-x86_64 0.1.1 2.51 38.07 40.58 OK
r-release-macos-x86_64 0.1.1 OK
r-release-windows-ix86+x86_64 0.1.1 8.00 43.00 51.00 OK
r-oldrel-macos-x86_64 0.1.1 OK
r-oldrel-windows-ix86+x86_64 0.1.1 6.00 53.00 59.00 OK

Check Details

Version: 0.1.1
Check: LazyData
Result: NOTE
     'LazyData' is specified without a 'data' directory
Flavors: r-devel-linux-x86_64-debian-clang, r-devel-linux-x86_64-debian-gcc, r-devel-linux-x86_64-fedora-clang, r-devel-linux-x86_64-fedora-gcc, r-devel-windows-ix86+x86_64, r-devel-windows-x86_64-gcc10-UCRT, r-patched-linux-x86_64