CRAN Package Check Results for Package leaflet.esri

Last updated on 2023-02-02 00:54:49 CET.

Flavor Version Tinstall Tcheck Ttotal Status Flags
r-devel-linux-x86_64-debian-clang 1.0.0 3.28 31.34 34.62 NOTE
r-devel-linux-x86_64-debian-gcc 1.0.0 3.14 24.59 27.73 NOTE
r-devel-linux-x86_64-fedora-clang 1.0.0 46.24 NOTE
r-devel-linux-x86_64-fedora-gcc 1.0.0 44.60 NOTE
r-devel-windows-x86_64 1.0.0 200.00 66.00 266.00 NOTE
r-patched-linux-x86_64 1.0.0 8.89 31.03 39.92 NOTE
r-release-linux-x86_64 1.0.0 3.48 30.37 33.85 NOTE
r-release-macos-arm64 1.0.0 16.00 NOTE
r-release-macos-x86_64 1.0.0 34.00 NOTE
r-release-windows-x86_64 1.0.0 104.00 65.00 169.00 NOTE
r-oldrel-macos-arm64 1.0.0 25.00 NOTE
r-oldrel-macos-x86_64 1.0.0 29.00 NOTE
r-oldrel-windows-ix86+x86_64 1.0.0 10.00 59.00 69.00 NOTE

Check Details

Version: 1.0.0
Check: LazyData
Result: NOTE
     'LazyData' is specified without a 'data' directory
Flavors: r-devel-linux-x86_64-debian-clang, r-devel-linux-x86_64-debian-gcc, r-devel-linux-x86_64-fedora-clang, r-devel-linux-x86_64-fedora-gcc, r-devel-windows-x86_64, r-patched-linux-x86_64, r-release-linux-x86_64, r-release-macos-arm64, r-release-macos-x86_64, r-release-windows-x86_64, r-oldrel-macos-arm64, r-oldrel-macos-x86_64, r-oldrel-windows-ix86+x86_64