CRAN Package Check Results for Package leaps

Last updated on 2022-01-25 00:49:52 CET.

Flavor Version Tinstall Tcheck Ttotal Status Flags
r-devel-linux-x86_64-debian-clang 3.1 3.89 33.74 37.63 OK
r-devel-linux-x86_64-debian-gcc 3.1 3.18 25.78 28.96 OK
r-devel-linux-x86_64-fedora-clang 3.1 46.94 NOTE
r-devel-linux-x86_64-fedora-gcc 3.1 35.56 NOTE
r-devel-windows-x86_64-new-UL 3.1 19.00 70.00 89.00 OK
r-devel-windows-x86_64-new-TK 3.1 OK
r-patched-linux-x86_64 3.1 3.62 32.42 36.04 OK
r-release-linux-x86_64 3.1 3.63 32.12 35.75 OK
r-release-macos-arm64 3.1 OK
r-release-macos-x86_64 3.1 OK
r-release-windows-ix86+x86_64 3.1 12.00 49.00 61.00 OK
r-oldrel-macos-x86_64 3.1 OK
r-oldrel-windows-ix86+x86_64 3.1 11.00 50.00 61.00 OK

Check Details

Version: 3.1
Check: compiled code
Result: NOTE
    File ‘leaps/libs/leaps.so’:
     Found no calls to: ‘R_registerRoutines’, ‘R_useDynamicSymbols’
    
    It is good practice to register native routines and to disable symbol
    search.
    
    See ‘Writing portable packages’ in the ‘Writing R Extensions’ manual.
Flavors: r-devel-linux-x86_64-fedora-clang, r-devel-linux-x86_64-fedora-gcc