CRAN Package Check Results for Package leaps

Last updated on 2021-09-26 01:49:55 CEST.

Flavor Version Tinstall Tcheck Ttotal Status Flags
r-devel-linux-x86_64-debian-clang 3.1 3.65 26.02 29.67 OK
r-devel-linux-x86_64-debian-gcc 3.1 2.82 19.90 22.72 OK
r-devel-linux-x86_64-fedora-clang 3.1 45.16 NOTE
r-devel-linux-x86_64-fedora-gcc 3.1 34.88 NOTE
r-devel-windows-x86_64 3.1 6.00 31.00 37.00 OK
r-devel-windows-x86_64-gcc10-UCRT 3.1 OK
r-patched-linux-x86_64 3.1 4.06 25.39 29.45 OK
r-patched-solaris-x86 3.1 52.30 OK
r-release-linux-x86_64 3.1 3.28 25.37 28.65 OK
r-release-macos-arm64 3.1 OK
r-release-macos-x86_64 3.1 OK
r-release-windows-ix86+x86_64 3.1 11.00 36.00 47.00 OK
r-oldrel-macos-x86_64 3.1 OK
r-oldrel-windows-ix86+x86_64 3.1 40.00 38.00 78.00 OK

Check Details

Version: 3.1
Check: compiled code
Result: NOTE
    File ‘leaps/libs/leaps.so’:
     Found no calls to: ‘R_registerRoutines’, ‘R_useDynamicSymbols’
    
    It is good practice to register native routines and to disable symbol
    search.
    
    See ‘Writing portable packages’ in the ‘Writing R Extensions’ manual.
Flavors: r-devel-linux-x86_64-fedora-clang, r-devel-linux-x86_64-fedora-gcc