CRAN Package Check Results for Package lefko3

Last updated on 2022-06-28 01:51:35 CEST.

Flavor Version Tinstall Tcheck Ttotal Status Flags
r-devel-linux-x86_64-debian-clang 5.2.0 474.35 240.35 714.70 OK
r-devel-linux-x86_64-debian-gcc 5.3.0 542.13 187.17 729.30 OK
r-devel-linux-x86_64-fedora-clang 5.3.0 1058.49 NOTE
r-devel-linux-x86_64-fedora-gcc 5.3.0 1085.47 OK
r-devel-windows-x86_64 5.2.0 247.00 315.00 562.00 NOTE
r-patched-linux-x86_64 5.3.0 443.76 243.83 687.59 OK
r-release-linux-x86_64 5.3.0 423.19 244.86 668.05 OK
r-release-macos-arm64 5.3.0 199.00 NOTE
r-release-macos-x86_64 5.3.0 346.00 NOTE
r-release-windows-x86_64 5.2.0 247.00 310.00 557.00 NOTE
r-oldrel-macos-arm64 5.3.0 176.00 NOTE
r-oldrel-macos-x86_64 5.3.0 348.00 NOTE
r-oldrel-windows-ix86+x86_64 5.3.0 478.00 364.00 842.00 NOTE

Check Details

Version: 5.3.0
Check: installed package size
Result: NOTE
     installed size is 31.6Mb
     sub-directories of 1Mb or more:
     doc 2.8Mb
     libs 27.5Mb
Flavors: r-devel-linux-x86_64-fedora-clang, r-release-macos-arm64, r-release-macos-x86_64, r-oldrel-macos-arm64, r-oldrel-macos-x86_64, r-oldrel-windows-ix86+x86_64

Version: 5.2.0
Check: installed package size
Result: NOTE
     installed size is 7.6Mb
     sub-directories of 1Mb or more:
     doc 2.7Mb
     libs 3.7Mb
Flavors: r-devel-windows-x86_64, r-release-windows-x86_64