Last updated on 2023-03-25 07:02:23 CET.
Flavor | Version | Tinstall | Tcheck | Ttotal | Status | Flags |
---|---|---|---|---|---|---|
r-devel-linux-x86_64-debian-clang | 1.1.0 | 3.44 | 24.81 | 28.25 | NOTE | |
r-devel-linux-x86_64-debian-gcc | 1.1.0 | 2.57 | 19.34 | 21.91 | NOTE | |
r-devel-linux-x86_64-fedora-clang | 1.1.0 | 37.53 | NOTE | |||
r-devel-linux-x86_64-fedora-gcc | 1.1.0 | 33.84 | NOTE | |||
r-patched-linux-x86_64 | 1.1.0 | 3.11 | 24.76 | 27.87 | NOTE | |
r-release-linux-x86_64 | 1.1.0 | 2.91 | 24.64 | 27.55 | NOTE | |
r-release-macos-arm64 | 1.1.0 | 17.00 | NOTE | |||
r-release-macos-x86_64 | 1.1.0 | 24.00 | NOTE | |||
r-release-windows-x86_64 | 1.1.0 | 23.00 | 57.00 | 80.00 | NOTE | |
r-oldrel-macos-arm64 | 1.1.0 | 21.00 | NOTE | |||
r-oldrel-macos-x86_64 | 1.1.0 | 29.00 | NOTE | |||
r-oldrel-windows-ix86+x86_64 | 1.1.0 | 10.00 | 58.00 | 68.00 | NOTE |
Version: 1.1.0
Check: LazyData
Result: NOTE
'LazyData' is specified without a 'data' directory
Flavors: r-devel-linux-x86_64-debian-clang, r-devel-linux-x86_64-debian-gcc, r-devel-linux-x86_64-fedora-clang, r-devel-linux-x86_64-fedora-gcc, r-patched-linux-x86_64, r-release-linux-x86_64, r-release-macos-arm64, r-release-macos-x86_64, r-release-windows-x86_64, r-oldrel-macos-arm64, r-oldrel-macos-x86_64, r-oldrel-windows-ix86+x86_64
Version: 1.1.0
Check: Rd cross-references
Result: NOTE
Undeclared package ‘MESS’ in Rd xrefs
Flavor: r-devel-linux-x86_64-fedora-clang