Last updated on 2022-06-28 01:51:35 CEST.
Flavor | Version | Tinstall | Tcheck | Ttotal | Status | Flags |
---|---|---|---|---|---|---|
r-devel-linux-x86_64-debian-clang | 1.1.5 | 477.99 | 226.63 | 704.62 | NOTE | |
r-devel-linux-x86_64-debian-gcc | 1.1.5 | 415.99 | 187.04 | 603.03 | NOTE | |
r-devel-linux-x86_64-fedora-clang | 1.1.5 | 981.12 | NOTE | |||
r-devel-linux-x86_64-fedora-gcc | 1.1.5 | 1003.38 | NOTE | |||
r-devel-windows-x86_64 | 1.1.5 | 357.00 | 299.00 | 656.00 | NOTE | |
r-patched-linux-x86_64 | 1.1.5 | 408.51 | 244.84 | 653.35 | NOTE | |
r-release-linux-x86_64 | 1.1.5 | 324.74 | 243.29 | 568.03 | NOTE | |
r-release-macos-arm64 | 1.1.5 | 239.00 | NOTE | |||
r-release-macos-x86_64 | 1.1.5 | 385.00 | NOTE | |||
r-release-windows-x86_64 | 1.1.5 | 371.00 | 298.00 | 669.00 | NOTE | |
r-oldrel-macos-arm64 | 1.1.5 | 255.00 | NOTE | |||
r-oldrel-macos-x86_64 | 1.1.5 | 282.00 | NOTE | |||
r-oldrel-windows-ix86+x86_64 | 1.1.5 | 998.00 | 483.00 | 1481.00 | NOTE |
Version: 1.1.5
Check: for GNU extensions in Makefiles
Result: NOTE
GNU make is a SystemRequirements.
Flavors: r-devel-linux-x86_64-debian-clang, r-devel-linux-x86_64-debian-gcc, r-devel-linux-x86_64-fedora-clang, r-devel-linux-x86_64-fedora-gcc, r-devel-windows-x86_64, r-patched-linux-x86_64, r-release-linux-x86_64, r-release-macos-arm64, r-release-macos-x86_64, r-release-windows-x86_64, r-oldrel-macos-arm64, r-oldrel-macos-x86_64, r-oldrel-windows-ix86+x86_64
Version: 1.1.5
Check: installed package size
Result: NOTE
installed size is 55.5Mb
sub-directories of 1Mb or more:
libs 54.2Mb
Flavors: r-devel-linux-x86_64-fedora-clang, r-devel-windows-x86_64, r-release-macos-arm64, r-release-macos-x86_64, r-release-windows-x86_64, r-oldrel-macos-arm64, r-oldrel-macos-x86_64, r-oldrel-windows-ix86+x86_64