CRAN Package Check Results for Package lidaRtRee

Last updated on 2024-07-24 06:57:18 CEST.

Flavor Version Tinstall Tcheck Ttotal Status Flags
r-devel-linux-x86_64-debian-clang 4.0.5 6.60 156.95 163.55 OK
r-devel-linux-x86_64-debian-gcc 4.0.5 4.74 113.30 118.04 NOTE
r-devel-linux-x86_64-fedora-clang 4.0.5 194.47 OK
r-devel-linux-x86_64-fedora-gcc 4.0.5 179.66 OK
r-devel-windows-x86_64 4.0.5 8.00 141.00 149.00 NOTE
r-patched-linux-x86_64 4.0.5 0.57 2.08 2.65 ERROR
r-release-linux-x86_64 4.0.5 3.79 150.73 154.52 OK
r-release-macos-arm64 4.0.5 50.00 OK
r-release-macos-x86_64 4.0.5 74.00 OK
r-release-windows-x86_64 4.0.5 7.00 142.00 149.00 OK
r-oldrel-macos-arm64 4.0.5 49.00 OK
r-oldrel-macos-x86_64 4.0.5 94.00 OK
r-oldrel-windows-x86_64 4.0.5 9.00 177.00 186.00 OK

Check Details

Version: 4.0.5
Check: Rd cross-references
Result: NOTE Found the following Rd file(s) with Rd \link{} targets missing package anchors: raster2Cimg.Rd: as.cimg Please provide package anchors for all Rd \link{} targets not in the package itself and the base packages. Flavors: r-devel-linux-x86_64-debian-gcc, r-devel-windows-x86_64

Version: 4.0.5
Check: package dependencies
Result: ERROR Package required but not available: ‘reldist’ See section ‘The DESCRIPTION file’ in the ‘Writing R Extensions’ manual. Flavor: r-patched-linux-x86_64