CRAN Package Check Results for Package lifecontingencies

Last updated on 2020-08-13 01:55:11 CEST.

Flavor Version Tinstall Tcheck Ttotal Status Flags
r-devel-linux-x86_64-debian-clang 1.3.6 33.69 252.36 286.05 OK --no-vignettes
r-devel-linux-x86_64-debian-gcc 1.3.6 23.28 185.40 208.68 OK --no-vignettes
r-devel-linux-x86_64-fedora-clang 1.3.6 350.34 OK --no-vignettes
r-devel-linux-x86_64-fedora-gcc 1.3.6 341.80 OK --no-vignettes
r-devel-windows-ix86+x86_64 1.3.6 77.00 715.00 792.00 NOTE
r-patched-linux-x86_64 1.3.6 24.83 248.35 273.18 OK --no-vignettes
r-patched-solaris-x86 1.3.6 604.70 OK
r-release-linux-x86_64 1.3.6 25.74 249.44 275.18 OK --no-vignettes
r-release-macos-x86_64 1.3.6 OK
r-release-windows-ix86+x86_64 1.3.6 76.00 576.00 652.00 NOTE
r-oldrel-macos-x86_64 1.3.6 OK
r-oldrel-windows-ix86+x86_64 1.3.6 55.00 516.00 571.00 OK

Check Details

Version: 1.3.6
Check: installed package size
Result: NOTE
     installed size is 5.3Mb
     sub-directories of 1Mb or more:
     doc 2.1Mb
     libs 2.0Mb
Flavors: r-devel-windows-ix86+x86_64, r-release-windows-ix86+x86_64