CRAN Package Check Results for Package likelihoodExplore

Last updated on 2024-05-24 07:59:51 CEST.

Flavor Version Tinstall Tcheck Ttotal Status Flags
r-devel-linux-x86_64-debian-clang 0.1.0 2.41 32.40 34.81 NOTE
r-devel-linux-x86_64-debian-gcc 0.1.0 2.89 24.72 27.61 NOTE
r-devel-linux-x86_64-fedora-clang 0.1.0 45.54 NOTE
r-devel-linux-x86_64-fedora-gcc 0.1.0 45.80 NOTE
r-devel-windows-x86_64 0.1.0 4.00 48.00 52.00 NOTE
r-patched-linux-x86_64 0.1.0 3.39 31.27 34.66 NOTE
r-release-linux-x86_64 0.1.0 3.68 30.39 34.07 NOTE
r-release-macos-arm64 0.1.0 18.00 NOTE
r-release-windows-x86_64 0.1.0 4.00 48.00 52.00 NOTE
r-oldrel-macos-arm64 0.1.0 19.00 NOTE
r-oldrel-macos-x86_64 0.1.0 27.00 NOTE
r-oldrel-windows-x86_64 0.1.0 5.00 52.00 57.00 NOTE

Check Details

Version: 0.1.0
Check: LazyData
Result: NOTE 'LazyData' is specified without a 'data' directory Flavors: r-devel-linux-x86_64-debian-clang, r-devel-linux-x86_64-debian-gcc, r-devel-linux-x86_64-fedora-clang, r-devel-linux-x86_64-fedora-gcc, r-devel-windows-x86_64, r-patched-linux-x86_64, r-release-linux-x86_64, r-release-macos-arm64, r-release-windows-x86_64, r-oldrel-macos-arm64, r-oldrel-macos-x86_64, r-oldrel-windows-x86_64