CRAN Package Check Results for Package linkspotter

Last updated on 2022-06-26 01:48:53 CEST.

Flavor Version Tinstall Tcheck Ttotal Status Flags
r-devel-linux-x86_64-debian-clang 1.3.0 10.12 109.82 119.94 NOTE
r-devel-linux-x86_64-debian-gcc 1.3.0 7.12 81.29 88.41 NOTE
r-devel-linux-x86_64-fedora-clang 1.3.0 152.04 NOTE
r-devel-linux-x86_64-fedora-gcc 1.3.0 147.68 NOTE
r-devel-windows-x86_64 1.3.0 37.00 131.00 168.00 NOTE
r-patched-linux-x86_64 1.3.0 11.28 104.85 116.13 NOTE
r-release-linux-x86_64 1.3.0 9.36 103.68 113.04 NOTE
r-release-macos-arm64 1.3.0 34.00 NOTE
r-release-macos-x86_64 1.3.0 83.00 NOTE
r-release-windows-x86_64 1.3.0 45.00 134.00 179.00 NOTE
r-oldrel-macos-arm64 1.3.0 82.00 NOTE
r-oldrel-macos-x86_64 1.3.0 64.00 NOTE
r-oldrel-windows-ix86+x86_64 1.3.0 29.00 133.00 162.00 NOTE

Check Details

Version: 1.3.0
Check: LazyData
Result: NOTE
     'LazyData' is specified without a 'data' directory
Flavors: r-devel-linux-x86_64-debian-clang, r-devel-linux-x86_64-debian-gcc, r-devel-linux-x86_64-fedora-clang, r-devel-linux-x86_64-fedora-gcc, r-devel-windows-x86_64, r-patched-linux-x86_64, r-release-linux-x86_64, r-release-macos-arm64, r-release-macos-x86_64, r-release-windows-x86_64, r-oldrel-macos-arm64, r-oldrel-macos-x86_64, r-oldrel-windows-ix86+x86_64