CRAN Package Check Results for Package list

Last updated on 2022-01-28 00:48:59 CET.

Flavor Version Tinstall Tcheck Ttotal Status Flags
r-devel-linux-x86_64-debian-clang 9.2 42.84 179.69 222.53 OK
r-devel-linux-x86_64-debian-gcc 9.2 34.06 134.14 168.20 OK
r-devel-linux-x86_64-fedora-clang 9.2 262.80 OK
r-devel-linux-x86_64-fedora-gcc 9.2 258.29 OK
r-devel-windows-x86_64-new-UL 9.2 75.00 196.00 271.00 OK
r-devel-windows-x86_64-new-TK 9.2 ERROR
r-patched-linux-x86_64 9.2 35.65 163.81 199.46 OK
r-release-linux-x86_64 9.2 36.48 163.58 200.06 OK
r-release-macos-arm64 9.2 OK
r-release-macos-x86_64 9.2 OK
r-release-windows-ix86+x86_64 9.2 76.00 216.00 292.00 OK
r-oldrel-macos-x86_64 9.2 OK
r-oldrel-windows-ix86+x86_64 9.2 76.00 218.00 294.00 OK

Check Details

Version: 9.2
Check: package dependencies
Result: ERROR
    Package required but not available: 'arm'
    
    See section 'The DESCRIPTION file' in the 'Writing R Extensions'
    manual.
Flavor: r-devel-windows-x86_64-new-TK