Last updated on 2023-03-29 07:55:23 CEST.
Flavor | Version | Tinstall | Tcheck | Ttotal | Status | Flags |
---|---|---|---|---|---|---|
r-devel-linux-x86_64-debian-clang | 0.3.1 | 2.70 | 35.09 | 37.79 | NOTE | |
r-devel-linux-x86_64-debian-gcc | 0.3.1 | 2.19 | 27.07 | 29.26 | NOTE | |
r-devel-linux-x86_64-fedora-clang | 0.3.1 | 47.08 | NOTE | |||
r-devel-linux-x86_64-fedora-gcc | 0.3.1 | 44.72 | NOTE | |||
r-devel-windows-x86_64 | 0.3.1 | 50.00 | 0.00 | 50.00 | NOTE | |
r-patched-linux-x86_64 | 0.3.1 | 2.83 | 33.71 | 36.54 | NOTE | |
r-release-linux-x86_64 | 0.3.1 | 2.70 | 33.34 | 36.04 | NOTE | |
r-release-macos-arm64 | 0.3.1 | 17.00 | NOTE | |||
r-release-macos-x86_64 | 0.3.1 | 25.00 | NOTE | |||
r-release-windows-x86_64 | 0.3.1 | 40.00 | 67.00 | 107.00 | NOTE | |
r-oldrel-macos-arm64 | 0.3.1 | 18.00 | NOTE | |||
r-oldrel-macos-x86_64 | 0.3.1 | 33.00 | NOTE | |||
r-oldrel-windows-ix86+x86_64 | 0.3.1 | 8.00 | 57.00 | 65.00 | NOTE |
Version: 0.3.1
Check: LazyData
Result: NOTE
'LazyData' is specified without a 'data' directory
Flavors: r-devel-linux-x86_64-debian-clang, r-devel-linux-x86_64-debian-gcc, r-devel-linux-x86_64-fedora-clang, r-devel-linux-x86_64-fedora-gcc, r-devel-windows-x86_64, r-patched-linux-x86_64, r-release-linux-x86_64, r-release-macos-arm64, r-release-macos-x86_64, r-release-windows-x86_64, r-oldrel-macos-arm64, r-oldrel-macos-x86_64, r-oldrel-windows-ix86+x86_64
Version: 0.3.1
Check: Rd cross-references
Result: NOTE
Undeclared package ‘keras’ in Rd xrefs
Flavor: r-devel-linux-x86_64-fedora-clang