CRAN Package Check Results for Package litteR

Last updated on 2020-06-03 01:50:50 CEST.

Flavor Version Tinstall Tcheck Ttotal Status Flags
r-devel-linux-x86_64-debian-clang 0.7.0 8.17 92.49 100.66 OK
r-devel-linux-x86_64-debian-gcc 0.7.0 6.92 70.62 77.54 OK
r-devel-linux-x86_64-fedora-clang 0.7.0 131.19 OK
r-devel-linux-x86_64-fedora-gcc 0.7.0 120.71 OK
r-devel-windows-ix86+x86_64 0.7.0 27.00 159.00 186.00 OK
r-patched-linux-x86_64 0.7.0 7.51 92.02 99.53 OK
r-patched-solaris-x86 0.7.0 196.10 OK
r-release-linux-x86_64 0.7.0 8.66 91.34 100.00 OK
r-release-osx-x86_64 0.7.0 OK
r-release-windows-ix86+x86_64 0.7.0 20.00 96.00 116.00 OK
r-oldrel-osx-x86_64 0.7.0 WARN
r-oldrel-windows-ix86+x86_64 0.7.0 16.00 96.00 112.00 OK

Check Details

Version: 0.7.0
Check: dependencies in R code
Result: NOTE
    No protocol specified
    No protocol specified
Flavor: r-oldrel-osx-x86_64

Version: 0.7.0
Check: S3 generic/method consistency
Result: WARN
    No protocol specified
    No protocol specified
    See section ‘Generic functions and methods’ in the ‘Writing R
    Extensions’ manual.
Flavor: r-oldrel-osx-x86_64

Version: 0.7.0
Check: replacement functions
Result: WARN
    No protocol specified
    No protocol specified
    The argument of a replacement function which corresponds to the right
    hand side must be named ‘value’.
Flavor: r-oldrel-osx-x86_64

Version: 0.7.0
Check: foreign function calls
Result: NOTE
    No protocol specified
    No protocol specified
    See chapter ‘System and foreign language interfaces’ in the ‘Writing R
    Extensions’ manual.
Flavor: r-oldrel-osx-x86_64

Version: 0.7.0
Check: R code for possible problems
Result: NOTE
    No protocol specified
    No protocol specified
Flavor: r-oldrel-osx-x86_64

Version: 0.7.0
Check: for missing documentation entries
Result: WARN
    No protocol specified
    No protocol specified
    All user-level objects in a package should have documentation entries.
    See chapter ‘Writing R documentation files’ in the ‘Writing R
    Extensions’ manual.
Flavor: r-oldrel-osx-x86_64

Version: 0.7.0
Check: for code/documentation mismatches
Result: WARN
    No protocol specified
    No protocol specified
    No protocol specified
    No protocol specified
    No protocol specified
    No protocol specified
Flavor: r-oldrel-osx-x86_64

Version: 0.7.0
Check: Rd \usage sections
Result: NOTE
    No protocol specified
    No protocol specified
    The \usage entries for S3 methods should use the \method markup and not
    their full name.
    See chapter ‘Writing R documentation files’ in the ‘Writing R
    Extensions’ manual.
Flavor: r-oldrel-osx-x86_64