CRAN Package Check Results for Package lmQCM

Last updated on 2020-04-09 01:53:16 CEST.

Flavor Version Tinstall Tcheck Ttotal Status Flags
r-devel-linux-x86_64-debian-clang 0.2.1 17.81 162.65 180.46 OK
r-devel-linux-x86_64-debian-gcc 0.2.1 17.42 127.71 145.13 OK
r-devel-linux-x86_64-fedora-clang 0.2.1 256.25 OK
r-devel-linux-x86_64-fedora-gcc 0.2.1 215.58 OK
r-devel-windows-ix86+x86_64 0.2.1 3.00 9.00 12.00 ERROR
r-devel-windows-ix86+x86_64-gcc8 0.2.1 4.00 6.00 10.00 ERROR
r-patched-linux-x86_64 0.2.1 18.12 159.30 177.42 OK
r-patched-solaris-x86 0.2.1 333.10 OK
r-release-linux-x86_64 0.2.1 14.97 142.90 157.87 OK
r-release-windows-ix86+x86_64 0.2.1 32.00 204.00 236.00 OK
r-release-osx-x86_64 0.2.1 OK
r-oldrel-windows-ix86+x86_64 0.2.1 26.00 152.00 178.00 OK
r-oldrel-osx-x86_64 0.2.1 OK

Check Details

Version: 0.2.1
Check: whether package can be installed
Result: ERROR
    Installation failed.
Flavors: r-devel-windows-ix86+x86_64, r-devel-windows-ix86+x86_64-gcc8