CRAN Package Check Results for Package lme4

Last updated on 2020-09-19 00:50:09 CEST.

Flavor Version Tinstall Tcheck Ttotal Status Flags
r-devel-linux-x86_64-debian-clang 1.1-23 108.78 747.68 856.46 OK
r-devel-linux-x86_64-debian-gcc 1.1-23 83.36 552.78 636.14 OK
r-devel-linux-x86_64-fedora-clang 1.1-23 1038.12 NOTE
r-devel-linux-x86_64-fedora-gcc 1.1-23 1044.64 OK
r-devel-windows-ix86+x86_64 1.1-23 224.00 1661.00 1885.00 NOTE
r-patched-linux-x86_64 1.1-23 95.36 725.77 821.13 OK
r-patched-solaris-x86 1.1-23 1344.00 NOTE
r-release-linux-x86_64 1.1-23 90.98 737.71 828.69 OK
r-release-macos-x86_64 1.1-23 ERROR
r-release-windows-ix86+x86_64 1.1-23 226.00 0.00 226.00 FAIL
r-oldrel-macos-x86_64 1.1-23 NOTE
r-oldrel-windows-ix86+x86_64 1.1-23 144.00 1548.00 1692.00 NOTE

Additional issues

gcc-UBSAN

Check Details

Version: 1.1-23
Check: installed package size
Result: NOTE
     installed size is 27.2Mb
     sub-directories of 1Mb or more:
     R 1.5Mb
     doc 2.4Mb
     libs 20.7Mb
     testdata 1.6Mb
Flavors: r-devel-linux-x86_64-fedora-clang, r-devel-windows-ix86+x86_64, r-patched-solaris-x86, r-release-macos-x86_64, r-release-windows-ix86+x86_64, r-oldrel-macos-x86_64, r-oldrel-windows-ix86+x86_64

Version: 1.1-23
Check: tests
Result: ERROR
     Running ‘AAAtest-all.R’ [83s/122s]
    Running the tests in ‘tests/AAAtest-all.R’ failed.
    Last 13 lines of output:
     + test_check(pkg)
     + ##======== ^^^
     + print(warnings()) # TODO? catch most of these by expect_warning(..)
     + } else {
     + cat( "package 'testthat' not available, cannot run unit tests\n" )
     + }
     ── 1. Failure: missDataFun (@test-formulaEval.R#218) ──────────────────────────
     t2[["elapsed"]] is not less than 1/4 * t1[["elapsed"]]. Difference: 0.0375
    
     ══ testthat results ═══════════════════════════════════════════════════════════
     [ OK: 790 | SKIPPED: 0 | WARNINGS: 0 | FAILED: 1 ]
     1. Failure: missDataFun (@test-formulaEval.R#218)
    
     Error: testthat unit tests failed
     Execution halted
Flavor: r-release-macos-x86_64

Version: 1.1-23
Check: running tests for arch ‘x64’
Result: FAIL
    Check process probably crashed or hung up for 20 minutes ... killed
    Most likely this happened in the example checks (?),
    if not, ignore the following last lines of example output:
    
    ======== End of example output (where/before crash/hang up occured ?) ========
Flavor: r-release-windows-ix86+x86_64