CRAN Package Check Results for Package lme4

Last updated on 2020-02-18 01:51:57 CET.

Flavor Version Tinstall Tcheck Ttotal Status Flags
r-devel-linux-x86_64-debian-clang 1.1-21 102.91 744.53 847.44 NOTE
r-devel-linux-x86_64-debian-gcc 1.1-21 75.04 546.34 621.38 OK
r-devel-linux-x86_64-fedora-clang 1.1-21 1005.74 NOTE
r-devel-linux-x86_64-fedora-gcc 1.1-21 995.08 OK
r-devel-windows-ix86+x86_64 1.1-21 157.00 1278.00 1435.00 NOTE
r-devel-windows-ix86+x86_64-gcc8 1.1-21 251.00 1717.00 1968.00 NOTE
r-patched-linux-x86_64 1.1-21 87.51 653.50 741.01 OK
r-patched-solaris-x86 1.1-21 1247.10 NOTE
r-release-linux-x86_64 1.1-21 81.74 647.82 729.56 OK
r-release-windows-ix86+x86_64 1.1-21 160.00 1223.00 1383.00 ERROR
r-release-osx-x86_64 1.1-21 NOTE
r-oldrel-windows-ix86+x86_64 1.1-21 138.00 1281.00 1419.00 NOTE
r-oldrel-osx-x86_64 1.1-21 NOTE

Additional issues

gcc-UBSAN

Check Details

Version: 1.1-21
Check: package dependencies
Result: NOTE
    Package suggested but not available for checking: 'car'
Flavor: r-devel-linux-x86_64-debian-clang

Version: 1.1-21
Check: installed package size
Result: NOTE
     installed size is 26.4Mb
     sub-directories of 1Mb or more:
     R 1.5Mb
     doc 2.4Mb
     libs 19.9Mb
     testdata 1.6Mb
Flavors: r-devel-linux-x86_64-fedora-clang, r-devel-windows-ix86+x86_64, r-devel-windows-ix86+x86_64-gcc8, r-patched-solaris-x86, r-release-windows-ix86+x86_64, r-release-osx-x86_64, r-oldrel-windows-ix86+x86_64, r-oldrel-osx-x86_64

Version: 1.1-21
Check: running tests for arch ‘i386’
Result: ERROR
     Running 'AAAtest-all.R' [191s]
     Running 'HSAURtrees.R' [3s]
     Running 'REMLdev.R' [2s]
     Running 'ST.R' [3s]
     Running 'agridat_gotway.R' [4s]
     Running 'bootMer.R' [9s]
     Running 'boundary.R' [9s]
     Running 'confint.R' [4s]
     Running 'devCritFun.R' [3s]
     Running 'devfunQ.R' [3s]
     Running 'drop.R' [3s]
     Running 'drop1contrasts.R' [4s]
     Running 'dynload.R' [1s]
     Running 'elston.R' [3s]
     Running 'evalCall.R' [3s]
     Running 'extras.R' [2s]
     Running 'falsezero_dorie.R' [3s]
     Running 'fewlevels.R' [20s]
     Running 'getME.R' [3s]
     Running 'glmer-1.R' [5s]
     Running 'glmerControlPass.R' [15s]
     Running 'glmerWarn.R' [2s]
     Running 'glmmExt.R' [11s]
     Running 'glmmWeights.R' [11s]
     Running 'hatvalues.R' [2s]
     Running 'is.R' [3s]
     Running 'lmList-tst.R' [2s]
     Running 'lme4_nlme.R' [3s]
     Running 'lmer-0.R' [3s]
     Running 'lmer-1.R' [5s]
     Comparing 'lmer-1.Rout' to 'lmer-1.Rout.save' ... OK
     Running 'lmer-conv.R' [2s]
     Running 'lmer2_ex.R' [3s]
     Running 'methods.R' [2s]
     Running 'minval.R' [3s]
     Running 'modFormula.R' [2s]
     Running 'nbinom.R' [2s]
     Running 'nlmer-conv.R' [2s]
     Running 'nlmer.R' [2s]
     Comparing 'nlmer.Rout' to 'nlmer.Rout.save' ... OK
     Running 'offset.R' [3s]
     Running 'optimizer.R' [4s]
     Running 'polytomous.R' [2s]
     Running 'prLogistic.R' [2s]
     Running 'predict_basis.R' [2s]
     Running 'predsim.R' [3s]
     Running 'priorWeights.R' [6s]
     Running 'priorWeightsModComp.R' [4s]
     Running 'profile-tst.R' [25s]
     Running 'refit.R' [27s]
     Running 'resids.R' [3s]
     Running 'respiratory.R' [10s]
     Running 'simulate.R' [5s]
     Running 'testOptControl.R' [2s]
     Running 'test_times.R' [2s]
     Running 'testcolonizer.R' [2s]
     Running 'testcrab.R' [9s]
     Running 'throw.R' [5s]
     Running 'utils.R' [0s]
     Running 'varcorr.R' [3s]
     Running 'vcov-etc.R' [3s]
Flavor: r-release-windows-ix86+x86_64