CRAN Package Check Results for Package lmerTest

Last updated on 2022-01-28 00:48:59 CET.

Flavor Version Tinstall Tcheck Ttotal Status Flags
r-devel-linux-x86_64-debian-clang 3.1-3 13.24 280.50 293.74 OK
r-devel-linux-x86_64-debian-gcc 3.1-3 12.46 210.24 222.70 OK
r-devel-linux-x86_64-fedora-clang 3.1-3 334.25 OK
r-devel-linux-x86_64-fedora-gcc 3.1-3 342.14 OK
r-devel-windows-x86_64-new-UL 3.1-3 88.00 311.00 399.00 OK
r-devel-windows-x86_64-new-TK 3.1-3 ERROR
r-patched-linux-x86_64 3.1-3 14.09 252.68 266.77 OK
r-release-linux-x86_64 3.1-3 13.69 252.13 265.82 OK
r-release-macos-arm64 3.1-3 OK
r-release-macos-x86_64 3.1-3 OK
r-release-windows-ix86+x86_64 3.1-3 31.00 299.00 330.00 OK
r-oldrel-macos-x86_64 3.1-3 OK
r-oldrel-windows-ix86+x86_64 3.1-3 30.00 313.00 343.00 OK

Check Details

Version: 3.1-3
Check: package dependencies
Result: ERROR
    Package required but not available: 'lme4'
    
    Package suggested but not available for checking: 'pbkrtest'
    
    See section 'The DESCRIPTION file' in the 'Writing R Extensions'
    manual.
Flavor: r-devel-windows-x86_64-new-TK