CRAN Package Check Results for Package lmeresampler

Last updated on 2022-01-28 00:48:59 CET.

Flavor Version Tinstall Tcheck Ttotal Status Flags
r-devel-linux-x86_64-debian-clang 0.2.0 13.32 135.90 149.22 OK
r-devel-linux-x86_64-debian-gcc 0.2.0 11.31 102.53 113.84 OK
r-devel-linux-x86_64-fedora-clang 0.2.0 169.55 OK
r-devel-linux-x86_64-fedora-gcc 0.2.0 163.29 OK
r-devel-windows-x86_64-new-UL 0.2.0 82.00 158.00 240.00 OK
r-devel-windows-x86_64-new-TK 0.2.0 ERROR
r-patched-linux-x86_64 0.2.0 12.78 120.54 133.32 OK
r-release-linux-x86_64 0.2.0 12.27 121.84 134.11 OK
r-release-macos-arm64 0.2.0 OK
r-release-macos-x86_64 0.2.0 OK
r-release-windows-ix86+x86_64 0.2.0 29.00 138.00 167.00 OK
r-oldrel-macos-x86_64 0.2.0 OK
r-oldrel-windows-ix86+x86_64 0.2.0 30.00 143.00 173.00 OK

Check Details

Version: 0.2.0
Check: package dependencies
Result: NOTE
    Packages suggested but not available for checking: 'lme4', 'mlmRev'
Flavor: r-devel-windows-x86_64-new-TK

Version: 0.2.0
Check: Rd cross-references
Result: NOTE
    Package unavailable to check Rd xrefs: 'lme4'
Flavor: r-devel-windows-x86_64-new-TK

Version: 0.2.0
Check: examples
Result: ERROR
    Running examples in 'lmeresampler-Ex.R' failed
    The error most likely occurred in:
    
    > ### Name: bootstrap.merMod
    > ### Title: Bootstrap Nested Linear Mixed-Effects Models
    > ### Aliases: bootstrap.merMod bootstrap.lme bootstrap
    >
    > ### ** Examples
    >
    > library(lme4)
    Error in library(lme4) : there is no package called 'lme4'
    Execution halted
Flavor: r-devel-windows-x86_64-new-TK

Version: 0.2.0
Check: tests
Result: ERROR
     Running 'testthat.R'
    Running the tests in 'tests/testthat.R' failed.
    Complete output:
     > library(testthat)
     > library(lmeresampler)
     >
     >
     >
     > test_check("lmeresampler")
     [ FAIL 9 | WARN 0 | SKIP 9 | PASS 0 ]
    
     ══ Skipped tests ═══════════════════════════════════════════════════════════════
     • On CRAN (9)
    
     ══ Failed tests ════════════════════════════════════════════════════════════════
     ── Error (test-case-lme4.R:1:1): (code run outside of `test_that()`) ───────────
     <packageNotFoundError/error/condition>
     Error in `library(lme4, quietly = TRUE)`: there is no package called 'lme4'
     Backtrace:
     █
     1. └─base::library(lme4, quietly = TRUE) test-case-lme4.R:1:0
     ── Error (test-case-nlme.R:3:1): (code run outside of `test_that()`) ───────────
     <packageNotFoundError/error/condition>
     Error in `find.package(package, lib.loc, verbose = verbose)`: there is no package called 'mlmRev'
     Backtrace:
     █
     1. └─utils::data(Socatt, package = "mlmRev") test-case-nlme.R:3:0
     2. └─base::find.package(package, lib.loc, verbose = verbose)
     ── Error (test-parametric-lme4.R:1:1): (code run outside of `test_that()`) ─────
     <packageNotFoundError/error/condition>
     Error in `library(lme4)`: there is no package called 'lme4'
     Backtrace:
     █
     1. └─base::library(lme4) test-parametric-lme4.R:1:0
     ── Error (test-parametric-nlme.R:3:1): (code run outside of `test_that()`) ─────
     <packageNotFoundError/error/condition>
     Error in `find.package(package, lib.loc, verbose = verbose)`: there is no package called 'mlmRev'
     Backtrace:
     █
     1. └─utils::data(Socatt, package = "mlmRev") test-parametric-nlme.R:3:0
     2. └─base::find.package(package, lib.loc, verbose = verbose)
     ── Error (test-reb-lme4.R:1:1): (code run outside of `test_that()`) ────────────
     <packageNotFoundError/error/condition>
     Error in `library(lme4)`: there is no package called 'lme4'
     Backtrace:
     █
     1. └─base::library(lme4) test-reb-lme4.R:1:0
     ── Error (test-resid-lme4.R:1:1): (code run outside of `test_that()`) ──────────
     <packageNotFoundError/error/condition>
     Error in `library(lme4)`: there is no package called 'lme4'
     Backtrace:
     █
     1. └─base::library(lme4) test-resid-lme4.R:1:0
     ── Error (test-resid-nlme.R:3:1): (code run outside of `test_that()`) ──────────
     <packageNotFoundError/error/condition>
     Error in `find.package(package, lib.loc, verbose = verbose)`: there is no package called 'mlmRev'
     Backtrace:
     █
     1. └─utils::data(Socatt, package = "mlmRev") test-resid-nlme.R:3:0
     2. └─base::find.package(package, lib.loc, verbose = verbose)
     ── Error (test-wild-lme4.R:1:1): (code run outside of `test_that()`) ───────────
     <packageNotFoundError/error/condition>
     Error in `library(lme4)`: there is no package called 'lme4'
     Backtrace:
     █
     1. └─base::library(lme4) test-wild-lme4.R:1:0
     ── Error (test-wild-nlme.R:3:1): (code run outside of `test_that()`) ───────────
     <packageNotFoundError/error/condition>
     Error in `find.package(package, lib.loc, verbose = verbose)`: there is no package called 'mlmRev'
     Backtrace:
     █
     1. └─utils::data(Socatt, package = "mlmRev") test-wild-nlme.R:3:0
     2. └─base::find.package(package, lib.loc, verbose = verbose)
    
     [ FAIL 9 | WARN 0 | SKIP 9 | PASS 0 ]
     Error: Test failures
     Execution halted
Flavor: r-devel-windows-x86_64-new-TK