CRAN Package Check Results for Package lmmpar

Last updated on 2023-02-06 00:52:34 CET.

Flavor Version Tinstall Tcheck Ttotal Status Flags
r-devel-linux-x86_64-debian-clang 0.1.0 1.89 33.98 35.87 NOTE
r-devel-linux-x86_64-debian-gcc 0.1.0 1.56 25.43 26.99 NOTE
r-devel-linux-x86_64-fedora-clang 0.1.0 44.01 NOTE
r-devel-linux-x86_64-fedora-gcc 0.1.0 46.03 NOTE
r-devel-windows-x86_64 0.1.0 6.00 68.00 74.00 NOTE
r-patched-linux-x86_64 0.1.0 2.22 33.09 35.31 NOTE
r-release-linux-x86_64 0.1.0 2.23 32.33 34.56 NOTE
r-release-macos-arm64 0.1.0 19.00 NOTE
r-release-macos-x86_64 0.1.0 24.00 NOTE
r-release-windows-x86_64 0.1.0 8.00 71.00 79.00 NOTE
r-oldrel-macos-arm64 0.1.0 26.00 NOTE
r-oldrel-macos-x86_64 0.1.0 32.00 NOTE
r-oldrel-windows-ix86+x86_64 0.1.0 6.00 60.00 66.00 NOTE

Check Details

Version: 0.1.0
Check: LazyData
Result: NOTE
     'LazyData' is specified without a 'data' directory
Flavors: r-devel-linux-x86_64-debian-clang, r-devel-linux-x86_64-debian-gcc, r-devel-linux-x86_64-fedora-clang, r-devel-linux-x86_64-fedora-gcc, r-devel-windows-x86_64, r-patched-linux-x86_64, r-release-linux-x86_64, r-release-macos-arm64, r-release-macos-x86_64, r-release-windows-x86_64, r-oldrel-macos-arm64, r-oldrel-macos-x86_64, r-oldrel-windows-ix86+x86_64

Version: 0.1.0
Check: dependencies in R code
Result: NOTE
    Namespace in Imports field not imported from: ‘mnormt’
     All declared Imports should be used.
Flavors: r-devel-linux-x86_64-fedora-clang, r-devel-linux-x86_64-fedora-gcc, r-release-macos-arm64, r-release-macos-x86_64, r-oldrel-macos-arm64, r-oldrel-macos-x86_64