CRAN Package Check Results for Package loe

Last updated on 2020-02-29 01:51:11 CET.

Flavor Version Tinstall Tcheck Ttotal Status Flags
r-devel-linux-x86_64-debian-clang 1.1 3.41 26.09 29.50 OK
r-devel-linux-x86_64-debian-gcc 1.1 2.55 20.40 22.95 OK
r-devel-linux-x86_64-fedora-clang 1.1 36.66 NOTE
r-devel-linux-x86_64-fedora-gcc 1.1 35.68 NOTE
r-devel-windows-ix86+x86_64 1.1 15.00 56.00 71.00 OK
r-devel-windows-ix86+x86_64-gcc8 1.1 9.00 53.00 62.00 OK
r-patched-linux-x86_64 1.1 2.44 23.56 26.00 OK
r-patched-solaris-x86 1.1 56.60 OK
r-release-linux-x86_64 1.1 2.90 23.65 26.55 OK
r-release-windows-ix86+x86_64 1.1 9.00 70.00 79.00 OK
r-release-osx-x86_64 1.1 OK
r-oldrel-windows-ix86+x86_64 1.1 6.00 53.00 59.00 OK
r-oldrel-osx-x86_64 1.1 OK

Check Details

Version: 1.1
Check: compiled code
Result: NOTE
    File ‘loe/libs/loe.so’:
     Found no calls to: ‘R_registerRoutines’, ‘R_useDynamicSymbols’
    
    It is good practice to register native routines and to disable symbol
    search.
    
    See ‘Writing portable packages’ in the ‘Writing R Extensions’ manual.
Flavors: r-devel-linux-x86_64-fedora-clang, r-devel-linux-x86_64-fedora-gcc