CRAN Package Check Results for Package logger

Last updated on 2022-12-06 00:51:14 CET.

Flavor Version Tinstall Tcheck Ttotal Status Flags
r-devel-linux-x86_64-debian-clang 0.2.2 3.18 61.80 64.98 OK
r-devel-linux-x86_64-debian-gcc 0.2.2 2.82 48.56 51.38 OK
r-devel-linux-x86_64-fedora-clang 0.2.2 95.57 OK
r-devel-linux-x86_64-fedora-gcc 0.2.2 109.20 OK
r-devel-windows-x86_64 0.2.2 57.00 114.00 171.00 NOTE
r-patched-linux-x86_64 0.2.2 4.29 58.31 62.60 OK
r-release-linux-x86_64 0.2.2 3.07 51.67 54.74 OK
r-release-macos-arm64 0.2.2 30.00 OK
r-release-macos-x86_64 0.2.2 43.00 OK
r-release-windows-x86_64 0.2.2 46.00 129.00 175.00 NOTE
r-oldrel-macos-arm64 0.2.2 36.00 OK
r-oldrel-macos-x86_64 0.2.2 41.00 OK
r-oldrel-windows-ix86+x86_64 0.2.2 8.00 101.00 109.00 NOTE

Check Details

Version: 0.2.2
Check: package dependencies
Result: NOTE
    Package suggested but not available for checking: 'rsyslog'
Flavors: r-devel-windows-x86_64, r-release-windows-x86_64, r-oldrel-windows-ix86+x86_64

Version: 0.2.2
Check: Rd cross-references
Result: NOTE
    Package unavailable to check Rd xrefs: 'rsyslog'
Flavor: r-oldrel-windows-ix86+x86_64