CRAN Package Check Results for Package logib

Last updated on 2021-01-22 00:48:57 CET.

Flavor Version Tinstall Tcheck Ttotal Status Flags
r-devel-linux-x86_64-debian-clang 0.1.0 3.02 27.77 30.79 OK
r-devel-linux-x86_64-debian-gcc 0.1.0 2.29 21.80 24.09 OK
r-devel-linux-x86_64-fedora-clang 0.1.0 46.37 NOTE
r-devel-linux-x86_64-fedora-gcc 0.1.0 37.04 NOTE
r-devel-windows-ix86+x86_64 0.1.0 8.00 35.00 43.00 OK
r-patched-linux-x86_64 0.1.0 3.21 26.79 30.00 OK
r-patched-solaris-x86 0.1.0 53.00 NOTE
r-release-linux-x86_64 0.1.0 2.68 27.31 29.99 OK
r-release-macos-x86_64 0.1.0 NOTE
r-release-windows-ix86+x86_64 0.1.0 20.00 46.00 66.00 OK
r-oldrel-macos-x86_64 0.1.0 NOTE
r-oldrel-windows-ix86+x86_64 0.1.0 4.00 34.00 38.00 OK

Check Details

Version: 0.1.0
Check: data for non-ASCII characters
Result: NOTE
     Note: found 12 marked UTF-8 strings
Flavors: r-devel-linux-x86_64-fedora-clang, r-devel-linux-x86_64-fedora-gcc, r-patched-solaris-x86, r-release-macos-x86_64, r-oldrel-macos-x86_64