CRAN Package Check Results for Package logitnorm

Last updated on 2023-06-07 08:01:53 CEST.

Flavor Version Tinstall Tcheck Ttotal Status Flags
r-devel-linux-x86_64-debian-clang 0.8.38 2.19 32.36 34.55 NOTE
r-devel-linux-x86_64-debian-gcc 0.8.38 1.65 25.11 26.76 NOTE
r-devel-linux-x86_64-fedora-clang 0.8.38 43.48 NOTE
r-devel-linux-x86_64-fedora-gcc 0.8.38 53.60 NOTE
r-devel-windows-x86_64 0.8.38 10.00 51.00 61.00 NOTE
r-patched-linux-x86_64 0.8.38 2.24 30.66 32.90 NOTE
r-release-linux-x86_64 0.8.38 2.37 30.79 33.16 NOTE
r-release-macos-arm64 0.8.38 23.00 NOTE
r-release-macos-x86_64 0.8.38 37.00 NOTE
r-release-windows-x86_64 0.8.38 4.00 50.00 54.00 NOTE
r-oldrel-macos-arm64 0.8.38 19.00 NOTE
r-oldrel-macos-x86_64 0.8.38 29.00 NOTE
r-oldrel-windows-x86_64 0.8.38 5.00 56.00 61.00 NOTE

Check Details

Version: 0.8.38
Check: LazyData
Result: NOTE
     'LazyData' is specified without a 'data' directory
Flavors: r-devel-linux-x86_64-debian-clang, r-devel-linux-x86_64-debian-gcc, r-devel-linux-x86_64-fedora-clang, r-devel-linux-x86_64-fedora-gcc, r-devel-windows-x86_64, r-patched-linux-x86_64, r-release-linux-x86_64, r-release-macos-arm64, r-release-macos-x86_64, r-release-windows-x86_64, r-oldrel-macos-arm64, r-oldrel-macos-x86_64, r-oldrel-windows-x86_64