CRAN Package Check Results for Package loo

Last updated on 2020-01-23 00:57:29 CET.

Flavor Version Tinstall Tcheck Ttotal Status Flags
r-devel-linux-x86_64-debian-clang 2.2.0 6.56 131.28 137.84 NOTE
r-devel-linux-x86_64-debian-gcc 2.2.0 5.31 95.43 100.74 NOTE
r-devel-linux-x86_64-fedora-clang 2.2.0 161.52 NOTE
r-devel-linux-x86_64-fedora-gcc 2.2.0 168.87 NOTE
r-devel-windows-ix86+x86_64 2.2.0 17.00 223.00 240.00 OK
r-devel-windows-ix86+x86_64-gcc8 2.2.0 16.00 162.00 178.00 OK
r-patched-linux-x86_64 2.2.0 6.24 116.42 122.66 NOTE
r-patched-solaris-x86 2.2.0 206.10 NOTE
r-release-linux-x86_64 2.2.0 5.26 116.27 121.53 NOTE
r-release-windows-ix86+x86_64 2.2.0 14.00 188.00 202.00 OK
r-release-osx-x86_64 2.2.0 OK
r-oldrel-windows-ix86+x86_64 2.2.0 8.00 132.00 140.00 OK
r-oldrel-osx-x86_64 2.2.0 OK

Check Details

Version: 2.2.0
Check: package dependencies
Result: NOTE
    Package suggested but not available for checking: 'rstanarm'
Flavors: r-devel-linux-x86_64-debian-clang, r-devel-linux-x86_64-debian-gcc, r-devel-linux-x86_64-fedora-clang, r-devel-linux-x86_64-fedora-gcc, r-patched-linux-x86_64, r-patched-solaris-x86, r-release-linux-x86_64