CRAN Package Check Results for Package lori

Last updated on 2021-09-23 01:49:43 CEST.

Flavor Version Tinstall Tcheck Ttotal Status Flags
r-devel-linux-x86_64-debian-clang 2.2.2 7.89 399.79 407.68 OK
r-devel-linux-x86_64-debian-gcc 2.2.2 7.35 284.75 292.10 OK
r-devel-linux-x86_64-fedora-clang 2.2.2 494.37 OK
r-devel-linux-x86_64-fedora-gcc 2.2.2 457.23 OK
r-devel-windows-x86_64 2.2.2 9.00 468.00 477.00 OK
r-devel-windows-x86_64-gcc10-UCRT 2.2.2 ERROR
r-patched-linux-x86_64 2.2.2 9.08 374.12 383.20 OK
r-patched-solaris-x86 2.2.2 893.00 OK
r-release-linux-x86_64 2.2.2 8.47 373.18 381.65 OK
r-release-macos-arm64 2.2.2 OK
r-release-macos-x86_64 2.2.2 OK
r-release-windows-ix86+x86_64 2.2.2 19.00 428.00 447.00 OK
r-oldrel-macos-x86_64 2.2.2 OK
r-oldrel-windows-ix86+x86_64 2.2.2 14.00 421.00 435.00 OK

Check Details

Version: 2.2.2
Check: PDF version of manual
Result: WARN
    LaTeX errors when creating PDF version.
    This typically indicates Rd problems.
Flavor: r-devel-windows-x86_64-gcc10-UCRT

Version: 2.2.2
Check: PDF version of manual without hyperrefs or index
Result: ERROR
    Re-running with no redirection of stdout/stderr.
Flavor: r-devel-windows-x86_64-gcc10-UCRT