CRAN Package Check Results for Package lpSolve

Last updated on 2021-04-20 01:47:10 CEST.

Flavor Version Tinstall Tcheck Ttotal Status Flags
r-devel-linux-x86_64-debian-clang 5.6.15 33.09 22.27 55.36 OK
r-devel-linux-x86_64-debian-gcc 5.6.15 23.74 17.81 41.55 OK
r-devel-linux-x86_64-fedora-clang 5.6.15 81.01 OK
r-devel-linux-x86_64-fedora-gcc 5.6.15 74.70 OK
r-devel-windows-ix86+x86_64 5.6.15 163.00 1.00 164.00 ERROR
r-devel-windows-x86_64-gcc10-UCRT 5.6.15 OK
r-patched-linux-x86_64 5.6.15 26.98 21.50 48.48 OK
r-patched-solaris-x86 5.6.15 98.40 OK
r-release-linux-x86_64 5.6.15 28.59 21.60 50.19 OK
r-release-macos-x86_64 5.6.15 OK
r-release-windows-ix86+x86_64 5.6.15 142.00 38.00 180.00 OK
r-oldrel-macos-x86_64 5.6.15 OK
r-oldrel-windows-ix86+x86_64 5.6.15 136.00 44.00 180.00 OK

Additional issues

clang-UBSAN

Check Details

Version: 5.6.15
Check: whether package can be installed
Result: ERROR
    Installation failed.
Flavor: r-devel-windows-ix86+x86_64