Last updated on 2023-01-30 01:53:37 CET.
Flavor | Version | Tinstall | Tcheck | Ttotal | Status | Flags |
---|---|---|---|---|---|---|
r-devel-linux-x86_64-debian-clang | 1.1.3 | 146.25 | 46.06 | 192.31 | OK | |
r-devel-linux-x86_64-debian-gcc | 1.1.3 | 120.11 | 35.22 | 155.33 | OK | |
r-devel-linux-x86_64-fedora-clang | 1.1.3 | 312.37 | OK | |||
r-devel-linux-x86_64-fedora-gcc | 1.1.3 | 261.65 | OK | |||
r-devel-windows-x86_64 | 1.1.3 | 131.00 | 100.00 | 231.00 | OK | |
r-patched-linux-x86_64 | 1.1.3 | 128.41 | 46.75 | 175.16 | OK | |
r-release-linux-x86_64 | 1.1.3 | 127.70 | 46.26 | 173.96 | OK | |
r-release-macos-arm64 | 1.1.3 | 61.00 | NOTE | |||
r-release-macos-x86_64 | 1.1.3 | 92.00 | NOTE | |||
r-release-windows-x86_64 | 1.1.3 | 129.00 | 103.00 | 232.00 | OK | |
r-oldrel-macos-arm64 | 1.1.3 | 60.00 | NOTE | |||
r-oldrel-macos-x86_64 | 1.1.3 | 87.00 | NOTE | |||
r-oldrel-windows-ix86+x86_64 | 1.1.3 | 364.00 | 114.00 | 478.00 | OK |
Version: 1.1.3
Check: installed package size
Result: NOTE
installed size is 5.6Mb
sub-directories of 1Mb or more:
libs 5.4Mb
Flavors: r-release-macos-arm64, r-release-macos-x86_64, r-oldrel-macos-arm64, r-oldrel-macos-x86_64