CRAN Package Check Results for Package lqr

Last updated on 2021-04-18 01:49:24 CEST.

Flavor Version Tinstall Tcheck Ttotal Status Flags
r-devel-linux-x86_64-debian-clang 3.43 12.67 94.87 107.54 OK
r-devel-linux-x86_64-debian-gcc 3.43 11.08 73.25 84.33 OK
r-devel-linux-x86_64-fedora-clang 3.43 146.64 OK
r-devel-linux-x86_64-fedora-gcc 3.43 132.31 OK
r-devel-windows-ix86+x86_64 3.43 27.00 5.00 32.00 ERROR
r-devel-windows-x86_64-gcc10-UCRT 3.43 OK
r-patched-linux-x86_64 3.43 11.57 88.03 99.60 OK
r-patched-solaris-x86 3.43 191.50 OK
r-release-linux-x86_64 3.43 12.16 88.32 100.48 OK
r-release-macos-x86_64 3.43 OK
r-release-windows-ix86+x86_64 3.43 44.00 118.00 162.00 OK
r-oldrel-macos-x86_64 3.43 OK
r-oldrel-windows-ix86+x86_64 3.43 16.00 105.00 121.00 OK

Check Details

Version: 3.43
Check: whether package can be installed
Result: ERROR
    Installation failed.
Flavor: r-devel-windows-ix86+x86_64