CRAN Package Check Results for Package lsl

Last updated on 2023-02-02 00:54:50 CET.

Flavor Version Tinstall Tcheck Ttotal Status Flags
r-devel-linux-x86_64-debian-clang 0.5.6 8.87 65.06 73.93 NOTE
r-devel-linux-x86_64-debian-gcc 0.5.6 4.95 48.25 53.20 NOTE
r-devel-linux-x86_64-fedora-clang 0.5.6 94.58 NOTE
r-devel-linux-x86_64-fedora-gcc 0.5.6 91.24 NOTE
r-patched-linux-x86_64 0.5.6 8.13 61.15 69.28 NOTE
r-release-linux-x86_64 0.5.6 7.26 67.53 74.79 NOTE
r-release-macos-arm64 0.5.6 31.00 NOTE
r-release-macos-x86_64 0.5.6 54.00 NOTE
r-release-windows-x86_64 0.5.6 16.00 99.00 115.00 NOTE
r-oldrel-macos-arm64 0.5.6 38.00 NOTE
r-oldrel-macos-x86_64 0.5.6 42.00 NOTE
r-oldrel-windows-ix86+x86_64 0.5.6 21.00 87.00 108.00 NOTE

Check Details

Version: 0.5.6
Check: LazyData
Result: NOTE
     'LazyData' is specified without a 'data' directory
Flavors: r-devel-linux-x86_64-debian-clang, r-devel-linux-x86_64-debian-gcc, r-devel-linux-x86_64-fedora-clang, r-devel-linux-x86_64-fedora-gcc, r-patched-linux-x86_64, r-release-linux-x86_64, r-release-macos-arm64, r-release-macos-x86_64, r-release-windows-x86_64, r-oldrel-macos-arm64, r-oldrel-macos-x86_64, r-oldrel-windows-ix86+x86_64