CRAN Package Check Results for Package lspline

Last updated on 2023-03-23 06:52:25 CET.

Flavor Version Tinstall Tcheck Ttotal Status Flags
r-devel-linux-x86_64-debian-clang 1.0-0 2.03 31.54 33.57 NOTE
r-devel-linux-x86_64-debian-gcc 1.0-0 1.60 24.65 26.25 NOTE
r-devel-linux-x86_64-fedora-clang 1.0-0 43.25 NOTE
r-devel-linux-x86_64-fedora-gcc 1.0-0 53.24 NOTE
r-patched-linux-x86_64 1.0-0 2.19 32.61 34.80 NOTE
r-release-linux-x86_64 1.0-0 1.72 31.82 33.54 NOTE
r-release-macos-arm64 1.0-0 21.00 NOTE
r-release-macos-x86_64 1.0-0 28.00 NOTE
r-release-windows-x86_64 1.0-0 12.00 77.00 89.00 NOTE
r-oldrel-macos-arm64 1.0-0 22.00 NOTE
r-oldrel-macos-x86_64 1.0-0 29.00 NOTE
r-oldrel-windows-ix86+x86_64 1.0-0 4.00 56.00 60.00 NOTE

Check Details

Version: 1.0-0
Check: LazyData
Result: NOTE
     'LazyData' is specified without a 'data' directory
Flavors: r-devel-linux-x86_64-debian-clang, r-devel-linux-x86_64-debian-gcc, r-devel-linux-x86_64-fedora-clang, r-devel-linux-x86_64-fedora-gcc, r-patched-linux-x86_64, r-release-linux-x86_64, r-release-macos-arm64, r-release-macos-x86_64, r-release-windows-x86_64, r-oldrel-macos-arm64, r-oldrel-macos-x86_64, r-oldrel-windows-ix86+x86_64